{"id":33,"date":"2025-05-09T10:23:50","date_gmt":"2025-05-09T10:23:50","guid":{"rendered":"https:\/\/culturalmosaic.liaise-project.eu\/?page_id=33"},"modified":"2025-05-09T10:51:25","modified_gmt":"2025-05-09T10:51:25","slug":"partners","status":"publish","type":"page","link":"https:\/\/culturalmosaic.liaise-project.eu\/vls_be\/partners\/","title":{"rendered":"Partners"},"content":{"rendered":"<div class=\"wp-block-uagb-container section-img uagb-block-4e28198a alignfull uagb-is-root-container\">\n<figure class=\"wp-block-image size-full\"><img loading=\"lazy\" decoding=\"async\" width=\"2350\" height=\"364\" src=\"https:\/\/culturalmosaic.liaise-project.eu\/wp-content\/uploads\/2025\/05\/8.jpg\" alt=\"8\" class=\"wp-image-19\" srcset=\"https:\/\/culturalmosaic.liaise-project.eu\/wp-content\/uploads\/2025\/05\/8.jpg 2350w, https:\/\/culturalmosaic.liaise-project.eu\/wp-content\/uploads\/2025\/05\/8-300x46.jpg 300w, https:\/\/culturalmosaic.liaise-project.eu\/wp-content\/uploads\/2025\/05\/8-1024x159.jpg 1024w, https:\/\/culturalmosaic.liaise-project.eu\/wp-content\/uploads\/2025\/05\/8-768x119.jpg 768w, https:\/\/culturalmosaic.liaise-project.eu\/wp-content\/uploads\/2025\/05\/8-1536x238.jpg 1536w, https:\/\/culturalmosaic.liaise-project.eu\/wp-content\/uploads\/2025\/05\/8-2048x317.jpg 2048w\" sizes=\"auto, (max-width: 2350px) 100vw, 2350px\" \/><\/figure>\n<\/div>\n\n\n\n<div class=\"wp-block-uagb-container main-page-partners uagb-block-da431a8e alignfull uagb-is-root-container\">\n<h2 class=\"wp-block-heading\">Partners<\/h2>\n\n\n\n<div data-aos= \"fade-up\" data-aos-duration=\"400\" data-aos-delay=\"0\" data-aos-easing=\"ease\" data-aos-once=\"true\" class=\"wp-block-uagb-container main-inside-white uagb-block-eea21150 alignfull uagb-is-root-container\">\n<div class=\"wp-block-columns partners-block is-layout-flex wp-container-core-columns-is-layout-9d6595d7 wp-block-columns-is-layout-flex\">\n<div class=\"wp-block-column is-layout-flow wp-block-column-is-layout-flow\" style=\"flex-basis:33.33%\"><div class=\"wp-block-image is-style-default\">\n<figure class=\"aligncenter size-full\"><img decoding=\"async\" src=\"https:\/\/liaise-project.eu\/wp-content\/uploads\/2025\/04\/barreiro.jpg\" alt=\"barreiro\" class=\"wp-image-35\"\/><\/figure><\/div><\/div>\n\n\n\n<div class=\"wp-block-column is-layout-flow wp-block-column-is-layout-flow\" style=\"flex-basis:66.66%\">\n<p class=\"translation-block\"><strong>Agrupamento de Escolas do Barreiro<\/strong> is een openbaar scholencomplex in Barreiro, Portugal. \u2019t Bestoat uut verscheiden niveau\u2019s, geliek kleuterschoele, basisschoele, middelbare schoele en een centrum veur de professionale ontwikkeling van leerkrachten. De aktiviteiten van de schoele zyn gericht op \u2019t geven van goan \u00f4nderwies an de leerlingen, in overeenstemming m\u00e8 de principe van meertaeligheid, multiculturalisme en inklusieve, toegankelyke leer- en \u00f4nderwiesmethoden. <br>Lees m\u00e8er:<\/p>\n<\/div>\n<\/div>\n\n\n\n<div class=\"wp-block-columns partners-block is-layout-flex wp-container-core-columns-is-layout-9d6595d7 wp-block-columns-is-layout-flex\">\n<div class=\"wp-block-column is-layout-flow wp-block-column-is-layout-flow\" style=\"flex-basis:33.33%\"><div class=\"wp-block-image is-style-default\">\n<figure class=\"aligncenter size-full\"><img decoding=\"async\" src=\"https:\/\/liaise-project.eu\/wp-content\/uploads\/2025\/04\/idaes.jpg\" alt=\"idaes\" class=\"wp-image-38\"\/><\/figure><\/div><\/div>\n\n\n\n<div class=\"wp-block-column is-layout-flow wp-block-column-is-layout-flow\" style=\"flex-basis:66.66%\">\n<p class=\"translation-block\"><strong>Agrupamento de Escolas de Id\u00e3es<\/strong> is een openbare schoele in Felgueiras, Portugal. De initiatieven van de schoele zyn gericht op \u2019t bevoerderen van inclusie en toegankelykheid veur leerlingen met verscheidene \u00f4nderwies-, sociale, culturele en taelekundige achtergr\u00f4nden. Daarnaast bevoerdert en steunt de schoele \u2019t academisch, professionael en sociaal sukses van heur leerlingen en stimuleert tegelijk hun aktief burgerschap en maatschappelijke betrokkenheid.<br>Lees m\u00e8er:<\/p>\n<\/div>\n<\/div>\n\n\n\n<div class=\"wp-block-columns partners-block is-layout-flex wp-container-core-columns-is-layout-9d6595d7 wp-block-columns-is-layout-flex\">\n<div class=\"wp-block-column is-layout-flow wp-block-column-is-layout-flow\" style=\"flex-basis:33.33%\"><div class=\"wp-block-image is-style-default\">\n<figure class=\"aligncenter size-full\"><img decoding=\"async\" src=\"https:\/\/liaise-project.eu\/wp-content\/uploads\/2025\/04\/snt-george.jpg\" alt=\"snt george\" class=\"wp-image-37\"\/><\/figure><\/div><\/div>\n\n\n\n<div class=\"wp-block-column is-layout-flow wp-block-column-is-layout-flow\" style=\"flex-basis:66.66%\">\n<p class=\"translation-block\"><strong>Likio Agiou Georgiou Lakatamias<\/strong> is een openbare middelbare schoele in Nicosia, Cyprus. De schoele legt groote nadruk op \u2019t academisch sukses en de persoonlike, sociale en professionaele ontwikkeling van heur leerlingen en biedt heur de kans om te leern in een inklusieve en toegankelyke omgeving. De schoele wordt erkend veur heur acties op nationaal en Europees nivo.<br>Lees meer:<\/p>\n<\/div>\n<\/div>\n\n\n\n<div class=\"wp-block-columns partners-block is-layout-flex wp-container-core-columns-is-layout-9d6595d7 wp-block-columns-is-layout-flex\">\n<div class=\"wp-block-column is-layout-flow wp-block-column-is-layout-flow\" style=\"flex-basis:33.33%\"><div class=\"wp-block-image is-style-default\">\n<figure class=\"aligncenter size-full\"><img decoding=\"async\" src=\"https:\/\/liaise-project.eu\/wp-content\/uploads\/2025\/04\/ciara.jpg\" alt=\"ciara\" class=\"wp-image-36\"\/><\/figure><\/div><\/div>\n\n\n\n<div class=\"wp-block-column is-layout-flow wp-block-column-is-layout-flow\" style=\"flex-basis:66.66%\">\n<p class=\"translation-block\"><strong>Comit\u00e9 International Associatif de R\u00e9flexion et Action - Martinique (Frankrijk)<\/strong> CIARA is een vereniging in Martinique, Frankrijk, die zich richt op \u2019t bevoerderen en steunen van de integratie van gemarginaliseerde jongere in een \u00f4nderwies- en sociale omgeving. De vereniging is ervaren in \u2019t voorstellen en uitvoeren van acties die de problemen aanpakkn waarmede jongere en heur ouders in de lokale gemeenschop te maken hebbn. In \u2019t kader van heur aktiviteiten organiseert CIARA coachings-, trainings- en mentorsessies veur jongere, studenten en professionaels.<br>Lees m\u00e8er:<\/p>\n<\/div>\n<\/div>\n\n\n\n<div class=\"wp-block-columns partners-block is-layout-flex wp-container-core-columns-is-layout-9d6595d7 wp-block-columns-is-layout-flex\">\n<div class=\"wp-block-column is-layout-flow wp-block-column-is-layout-flow\" style=\"flex-basis:33.33%\"><div class=\"wp-block-image is-style-default\">\n<figure class=\"aligncenter size-full\"><img decoding=\"async\" src=\"https:\/\/liaise-project.eu\/wp-content\/uploads\/2025\/04\/rbrussels.jpg\" alt=\"rbrussels\" class=\"wp-image-33\"\/><\/figure><\/div><\/div>\n\n\n\n<div class=\"wp-block-column is-layout-flow wp-block-column-is-layout-flow\" style=\"flex-basis:66.66%\">\n<p class=\"translation-block\"><strong>ReadLab Brussels<\/strong> is een organisatie veur ontwikkelings- en oetnoogsanalyse in Brussel, Belgi\u00eb. De prioriteit van de organisatie is \u2019t steunen van formele en niet-formele \u00f4nderwiesinstellingen op veul gebiedn deur middel van technische bijstand. Dankze heur aktieve betrokkenheid bij \u00f4nderwiesinitiatieven hef ReadLab Brussels een grote invloed op \u2019t \u00f4nderwieslandschap en bevoerdert ze inclusie, toegankelykheid en groei.<br>Lees m\u00e8er:<\/p>\n<\/div>\n<\/div>\n\n\n\n<div class=\"wp-block-columns partners-block is-layout-flex wp-container-core-columns-is-layout-9d6595d7 wp-block-columns-is-layout-flex\">\n<div class=\"wp-block-column is-layout-flow wp-block-column-is-layout-flow\" style=\"flex-basis:33.33%\"><div class=\"wp-block-image is-style-default\">\n<figure class=\"aligncenter size-full\"><img decoding=\"async\" src=\"https:\/\/liaise-project.eu\/wp-content\/uploads\/2025\/04\/mkosmos.jpg\" alt=\"mkosmos\" class=\"wp-image-39\"\/><\/figure><\/div><\/div>\n\n\n\n<div class=\"wp-block-column is-layout-flow wp-block-column-is-layout-flow\" style=\"flex-basis:66.66%\">\n<p class=\"translation-block\"><strong>\"Microkosmos\" Associazione Culturale Italo-Ellenica per la Formazione - Itali\u00eb<\/strong><br> Microkosmos is een non-profit kulturele en educatieve vereniging in Turijn, Itali\u00eb. \u2019t Werk van de vereniging is gebaazeerd op de principe van duurezaamheid, toegankelykheid en inclusie, woarby gelijke toegang tot educatieve en sociale contexten veur elk individu aktief wordt gesteund. Microkosmos richt zich op \u2019t versien van jonge mense van de basis soft skills en digitale vaardigheden die nodich zyn om te navigeren deur de moderne professionaele, sociale en educatieve realiteit.<br> Lees m\u00e8er:<\/p>\n<\/div>\n<\/div>\n<\/div>\n<\/div>","protected":false},"excerpt":{"rendered":"<p>PARTNERS Agrupamento de Escolas do Barreiro is<\/p>","protected":false},"author":1,"featured_media":0,"parent":0,"menu_order":0,"comment_status":"closed","ping_status":"closed","template":"page-fluid.php","meta":{"_bbp_topic_count":0,"_bbp_reply_count":0,"_bbp_total_topic_count":0,"_bbp_total_reply_count":0,"_bbp_voice_count":0,"_bbp_anonymous_reply_count":0,"_bbp_topic_count_hidden":0,"_bbp_reply_count_hidden":0,"_bbp_forum_subforum_count":0,"_uag_custom_page_level_css":"","footnotes":""},"class_list":["post-33","page","type-page","status-publish","hentry"],"uagb_featured_image_src":{"full":false,"thumbnail":false,"medium":false,"medium_large":false,"large":false,"1536x1536":false,"2048x2048":false,"trp-custom-language-flag":false,"d4p-bbp-thumb":false},"uagb_author_info":{"display_name":"admin","author_link":"https:\/\/culturalmosaic.liaise-project.eu\/vls_be\/author\/cultmosliaadmn\/"},"uagb_comment_info":0,"uagb_excerpt":"PARTNERS Agrupamento de Escolas do Barreiro is","_links":{"self":[{"href":"https:\/\/culturalmosaic.liaise-project.eu\/vls_be\/wp-json\/wp\/v2\/pages\/33","targetHints":{"allow":["GET"]}}],"collection":[{"href":"https:\/\/culturalmosaic.liaise-project.eu\/vls_be\/wp-json\/wp\/v2\/pages"}],"about":[{"href":"https:\/\/culturalmosaic.liaise-project.eu\/vls_be\/wp-json\/wp\/v2\/types\/page"}],"author":[{"embeddable":true,"href":"https:\/\/culturalmosaic.liaise-project.eu\/vls_be\/wp-json\/wp\/v2\/users\/1"}],"replies":[{"embeddable":true,"href":"https:\/\/culturalmosaic.liaise-project.eu\/vls_be\/wp-json\/wp\/v2\/comments?post=33"}],"version-history":[{"count":2,"href":"https:\/\/culturalmosaic.liaise-project.eu\/vls_be\/wp-json\/wp\/v2\/pages\/33\/revisions"}],"predecessor-version":[{"id":43,"href":"https:\/\/culturalmosaic.liaise-project.eu\/vls_be\/wp-json\/wp\/v2\/pages\/33\/revisions\/43"}],"wp:attachment":[{"href":"https:\/\/culturalmosaic.liaise-project.eu\/vls_be\/wp-json\/wp\/v2\/media?parent=33"}],"curies":[{"name":"wp","href":"https:\/\/api.w.org\/{rel}","templated":true}]}}

<div class="wp-block-uagb-container section-img uagb-block-4e28198a alignfull uagb-is-root-container">
<figure class="wp-block-image size-full"><img loading="lazy" decoding="async" width="2350" height="364" src="https://culturalmosaic.liaise-project.eu/wp-content/uploads/2025/05/8.jpg" alt="8" class="wp-image-19" srcset="https://culturalmosaic.liaise-project.eu/wp-content/uploads/2025/05/8.jpg 2350w, https://culturalmosaic.liaise-project.eu/wp-content/uploads/2025/05/8-300x46.jpg 300w, https://culturalmosaic.liaise-project.eu/wp-content/uploads/2025/05/8-1024x159.jpg 1024w, https://culturalmosaic.liaise-project.eu/wp-content/uploads/2025/05/8-768x119.jpg 768w, https://culturalmosaic.liaise-project.eu/wp-content/uploads/2025/05/8-1536x238.jpg 1536w, https://culturalmosaic.liaise-project.eu/wp-content/uploads/2025/05/8-2048x317.jpg 2048w" sizes="auto, (max-width: 2350px) 100vw, 2350px" /></figure>
</div>



<div class="wp-block-uagb-container main-page-partners uagb-block-da431a8e alignfull uagb-is-root-container">
<h2 class="wp-block-heading">Partners</h2>



<div data-aos= "fade-up" data-aos-duration="400" data-aos-delay="0" data-aos-easing="ease" data-aos-once="true" class="wp-block-uagb-container main-inside-white uagb-block-eea21150 alignfull uagb-is-root-container">
<div class="wp-block-columns partners-block is-layout-flex wp-container-core-columns-is-layout-9d6595d7 wp-block-columns-is-layout-flex">
<div class="wp-block-column is-layout-flow wp-block-column-is-layout-flow" style="flex-basis:33.33%"><div class="wp-block-image is-style-default">
<figure class="aligncenter size-full"><img decoding="async" src="https://liaise-project.eu/wp-content/uploads/2025/04/barreiro.jpg" alt="barreiro" class="wp-image-35"/></figure></div></div>



<div class="wp-block-column is-layout-flow wp-block-column-is-layout-flow" style="flex-basis:66.66%">
<p class="translation-block"><strong>Agrupamento de Escolas do Barreiro</strong> is een openbaar scholencomplex in Barreiro, Portugal. ’t Bestoat uut verscheiden niveau’s, geliek kleuterschoele, basisschoele, middelbare schoele en een centrum veur de professionale ontwikkeling van leerkrachten. De aktiviteiten van de schoele zyn gericht op ’t geven van goan ônderwies an de leerlingen, in overeenstemming mè de principe van meertaeligheid, multiculturalisme en inklusieve, toegankelyke leer- en ônderwiesmethoden. <br>Lees mèer:</p>
</div>
</div>



<div class="wp-block-columns partners-block is-layout-flex wp-container-core-columns-is-layout-9d6595d7 wp-block-columns-is-layout-flex">
<div class="wp-block-column is-layout-flow wp-block-column-is-layout-flow" style="flex-basis:33.33%"><div class="wp-block-image is-style-default">
<figure class="aligncenter size-full"><img decoding="async" src="https://liaise-project.eu/wp-content/uploads/2025/04/idaes.jpg" alt="idaes" class="wp-image-38"/></figure></div></div>



<div class="wp-block-column is-layout-flow wp-block-column-is-layout-flow" style="flex-basis:66.66%">
<p class="translation-block"><strong>Agrupamento de Escolas de Idães</strong> is een openbare schoele in Felgueiras, Portugal. De initiatieven van de schoele zyn gericht op ’t bevoerderen van inclusie en toegankelykheid veur leerlingen met verscheidene ônderwies-, sociale, culturele en taelekundige achtergrônden. Daarnaast bevoerdert en steunt de schoele ’t academisch, professionael en sociaal sukses van heur leerlingen en stimuleert tegelijk hun aktief burgerschap en maatschappelijke betrokkenheid.<br>Lees mèer:</p>
</div>
</div>



<div class="wp-block-columns partners-block is-layout-flex wp-container-core-columns-is-layout-9d6595d7 wp-block-columns-is-layout-flex">
<div class="wp-block-column is-layout-flow wp-block-column-is-layout-flow" style="flex-basis:33.33%"><div class="wp-block-image is-style-default">
<figure class="aligncenter size-full"><img decoding="async" src="https://liaise-project.eu/wp-content/uploads/2025/04/snt-george.jpg" alt="snt george" class="wp-image-37"/></figure></div></div>



<div class="wp-block-column is-layout-flow wp-block-column-is-layout-flow" style="flex-basis:66.66%">
<p class="translation-block"><strong>Likio Agiou Georgiou Lakatamias</strong> is een openbare middelbare schoele in Nicosia, Cyprus. De schoele legt groote nadruk op ’t academisch sukses en de persoonlike, sociale en professionaele ontwikkeling van heur leerlingen en biedt heur de kans om te leern in een inklusieve en toegankelyke omgeving. De schoele wordt erkend veur heur acties op nationaal en Europees nivo.<br>Lees meer:</p>
</div>
</div>



<div class="wp-block-columns partners-block is-layout-flex wp-container-core-columns-is-layout-9d6595d7 wp-block-columns-is-layout-flex">
<div class="wp-block-column is-layout-flow wp-block-column-is-layout-flow" style="flex-basis:33.33%"><div class="wp-block-image is-style-default">
<figure class="aligncenter size-full"><img decoding="async" src="https://liaise-project.eu/wp-content/uploads/2025/04/ciara.jpg" alt="ciara" class="wp-image-36"/></figure></div></div>



<div class="wp-block-column is-layout-flow wp-block-column-is-layout-flow" style="flex-basis:66.66%">
<p class="translation-block"><strong>Comité International Associatif de Réflexion et Action - Martinique (Frankrijk)</strong> CIARA is een vereniging in Martinique, Frankrijk, die zich richt op ’t bevoerderen en steunen van de integratie van gemarginaliseerde jongere in een ônderwies- en sociale omgeving. De vereniging is ervaren in ’t voorstellen en uitvoeren van acties die de problemen aanpakkn waarmede jongere en heur ouders in de lokale gemeenschop te maken hebbn. In ’t kader van heur aktiviteiten organiseert CIARA coachings-, trainings- en mentorsessies veur jongere, studenten en professionaels.<br>Lees mèer:</p>
</div>
</div>



<div class="wp-block-columns partners-block is-layout-flex wp-container-core-columns-is-layout-9d6595d7 wp-block-columns-is-layout-flex">
<div class="wp-block-column is-layout-flow wp-block-column-is-layout-flow" style="flex-basis:33.33%"><div class="wp-block-image is-style-default">
<figure class="aligncenter size-full"><img decoding="async" src="https://liaise-project.eu/wp-content/uploads/2025/04/rbrussels.jpg" alt="rbrussels" class="wp-image-33"/></figure></div></div>



<div class="wp-block-column is-layout-flow wp-block-column-is-layout-flow" style="flex-basis:66.66%">
<p class="translation-block"><strong>ReadLab Brussels</strong> is een organisatie veur ontwikkelings- en oetnoogsanalyse in Brussel, België. De prioriteit van de organisatie is ’t steunen van formele en niet-formele ônderwiesinstellingen op veul gebiedn deur middel van technische bijstand. Dankze heur aktieve betrokkenheid bij ônderwiesinitiatieven hef ReadLab Brussels een grote invloed op ’t ônderwieslandschap en bevoerdert ze inclusie, toegankelykheid en groei.<br>Lees mèer:</p>
</div>
</div>



<div class="wp-block-columns partners-block is-layout-flex wp-container-core-columns-is-layout-9d6595d7 wp-block-columns-is-layout-flex">
<div class="wp-block-column is-layout-flow wp-block-column-is-layout-flow" style="flex-basis:33.33%"><div class="wp-block-image is-style-default">
<figure class="aligncenter size-full"><img decoding="async" src="https://liaise-project.eu/wp-content/uploads/2025/04/mkosmos.jpg" alt="mkosmos" class="wp-image-39"/></figure></div></div>



<div class="wp-block-column is-layout-flow wp-block-column-is-layout-flow" style="flex-basis:66.66%">
<p class="translation-block"><strong>"Microkosmos" Associazione Culturale Italo-Ellenica per la Formazione - Italië</strong><br> Microkosmos is een non-profit kulturele en educatieve vereniging in Turijn, Italië. ’t Werk van de vereniging is gebaazeerd op de principe van duurezaamheid, toegankelykheid en inclusie, woarby gelijke toegang tot educatieve en sociale contexten veur elk individu aktief wordt gesteund. Microkosmos richt zich op ’t versien van jonge mense van de basis soft skills en digitale vaardigheden die nodich zyn om te navigeren deur de moderne professionaele, sociale en educatieve realiteit.<br> Lees mèer:</p>
</div>
</div>
</div>
</div>
