{"id":33,"date":"2025-05-09T10:23:50","date_gmt":"2025-05-09T10:23:50","guid":{"rendered":"https:\/\/culturalmosaic.liaise-project.eu\/?page_id=33"},"modified":"2025-05-09T10:51:25","modified_gmt":"2025-05-09T10:51:25","slug":"partners","status":"publish","type":"page","link":"https:\/\/culturalmosaic.liaise-project.eu\/scn\/partners\/","title":{"rendered":"Partner"},"content":{"rendered":"<div class=\"wp-block-uagb-container section-img uagb-block-4e28198a alignfull uagb-is-root-container\">\n<figure class=\"wp-block-image size-full\"><img loading=\"lazy\" decoding=\"async\" width=\"2350\" height=\"364\" src=\"https:\/\/culturalmosaic.liaise-project.eu\/wp-content\/uploads\/2025\/05\/8.jpg\" alt=\"8\" class=\"wp-image-19\" srcset=\"https:\/\/culturalmosaic.liaise-project.eu\/wp-content\/uploads\/2025\/05\/8.jpg 2350w, https:\/\/culturalmosaic.liaise-project.eu\/wp-content\/uploads\/2025\/05\/8-300x46.jpg 300w, https:\/\/culturalmosaic.liaise-project.eu\/wp-content\/uploads\/2025\/05\/8-1024x159.jpg 1024w, https:\/\/culturalmosaic.liaise-project.eu\/wp-content\/uploads\/2025\/05\/8-768x119.jpg 768w, https:\/\/culturalmosaic.liaise-project.eu\/wp-content\/uploads\/2025\/05\/8-1536x238.jpg 1536w, https:\/\/culturalmosaic.liaise-project.eu\/wp-content\/uploads\/2025\/05\/8-2048x317.jpg 2048w\" sizes=\"auto, (max-width: 2350px) 100vw, 2350px\" \/><\/figure>\n<\/div>\n\n\n\n<div class=\"wp-block-uagb-container main-page-partners uagb-block-da431a8e alignfull uagb-is-root-container\">\n<h2 class=\"wp-block-heading\">Partner<\/h2>\n\n\n\n<div data-aos= \"fade-up\" data-aos-duration=\"400\" data-aos-delay=\"0\" data-aos-easing=\"ease\" data-aos-once=\"true\" class=\"wp-block-uagb-container main-inside-white uagb-block-eea21150 alignfull uagb-is-root-container\">\n<div class=\"wp-block-columns partners-block is-layout-flex wp-container-core-columns-is-layout-9d6595d7 wp-block-columns-is-layout-flex\">\n<div class=\"wp-block-column is-layout-flow wp-block-column-is-layout-flow\" style=\"flex-basis:33.33%\"><div class=\"wp-block-image is-style-default\">\n<figure class=\"aligncenter size-full\"><img decoding=\"async\" src=\"https:\/\/liaise-project.eu\/wp-content\/uploads\/2025\/04\/barreiro.jpg\" alt=\"barreiro\" class=\"wp-image-35\"\/><\/figure><\/div><\/div>\n\n\n\n<div class=\"wp-block-column is-layout-flow wp-block-column-is-layout-flow\" style=\"flex-basis:66.66%\">\n<p class=\"translation-block\"><strong>L'Agrupamento de Escolas do Barreiro<\/strong> \u00e8 na scola pubblica di Barreiru, in Portugallu. Cumprenni istituti sculastici di vari liveddi, comu scoli materni, elementari e medii, e un centru p\u00fb sviluppu culturali d\u00ee nzignanti. L'azioni d\u00e2 scola sunnu ncentrati supra la fornitura di na istruzioni di auta qualit\u00e0 \u00ea s\u00f2 studenti, in linia ch\u00ee principi d\u00fb multilinguismu, d\u00fb multiculturalismu e di l'apprendimentu inclusivu e accessibili e d\u00ee metudi di insegnamentu. <br>Pi sapirinni di chi\u00f9:<\/p>\n<\/div>\n<\/div>\n\n\n\n<div class=\"wp-block-columns partners-block is-layout-flex wp-container-core-columns-is-layout-9d6595d7 wp-block-columns-is-layout-flex\">\n<div class=\"wp-block-column is-layout-flow wp-block-column-is-layout-flow\" style=\"flex-basis:33.33%\"><div class=\"wp-block-image is-style-default\">\n<figure class=\"aligncenter size-full\"><img decoding=\"async\" src=\"https:\/\/liaise-project.eu\/wp-content\/uploads\/2025\/04\/idaes.jpg\" alt=\"idaes\" class=\"wp-image-38\"\/><\/figure><\/div><\/div>\n\n\n\n<div class=\"wp-block-column is-layout-flow wp-block-column-is-layout-flow\" style=\"flex-basis:66.66%\">\n<p class=\"translation-block\"><strong>L'Agrupamento de Escolas de Id\u00e3es<\/strong> \u00e8 na scola pubblica di Felgueiras, in Portugallu. L'iniziativi d\u00e2 scola sunnu in linia c\u00fb s\u00f2 obbiettivu di promoviri l'inclusioni e l'accessibilit\u00e0 d\u00ee studenti di diversi cuntesti educativi, sociali, culturali e linguistichi. Oltri, promovi e susteni lu successu accademicu, sociali d\u00ee s\u00f2 studenti, favurennu \u00f4 stissu tempu la s\u00f2 cittadinanza attiva e lu s\u00f2 impegnu civicu.<br>Pi sapirinni di chi\u00f9:<\/p>\n<\/div>\n<\/div>\n\n\n\n<div class=\"wp-block-columns partners-block is-layout-flex wp-container-core-columns-is-layout-9d6595d7 wp-block-columns-is-layout-flex\">\n<div class=\"wp-block-column is-layout-flow wp-block-column-is-layout-flow\" style=\"flex-basis:33.33%\"><div class=\"wp-block-image is-style-default\">\n<figure class=\"aligncenter size-full\"><img decoding=\"async\" src=\"https:\/\/liaise-project.eu\/wp-content\/uploads\/2025\/04\/snt-george.jpg\" alt=\"snt george\" class=\"wp-image-37\"\/><\/figure><\/div><\/div>\n\n\n\n<div class=\"wp-block-column is-layout-flow wp-block-column-is-layout-flow\" style=\"flex-basis:66.66%\">\n<p class=\"translation-block\"><strong>Likio Agiou Georgiou Lakatamias<\/strong> \u00e8 na scola pubblica di istruzioni secundaria supiriuri a Nicosia, Cipru. La scola metti granni enfasi supra lu successu accademicu, e supra lu sviluppu pirsunali, sociali e culturali d\u00ee s\u00f2 studenti, offrennu ad iddi l'opportunit\u00e0 di mparari nt\u00f4n ambienti inclusivu e accessibili. La scola \u00e8 ricanusciuta p\u00ee s\u00f2 azioni a liveddu nazziunali e europeu.<br>Pi sapirinni di chi\u00f9:<\/p>\n<\/div>\n<\/div>\n\n\n\n<div class=\"wp-block-columns partners-block is-layout-flex wp-container-core-columns-is-layout-9d6595d7 wp-block-columns-is-layout-flex\">\n<div class=\"wp-block-column is-layout-flow wp-block-column-is-layout-flow\" style=\"flex-basis:33.33%\"><div class=\"wp-block-image is-style-default\">\n<figure class=\"aligncenter size-full\"><img decoding=\"async\" src=\"https:\/\/liaise-project.eu\/wp-content\/uploads\/2025\/04\/ciara.jpg\" alt=\"ciara\" class=\"wp-image-36\"\/><\/figure><\/div><\/div>\n\n\n\n<div class=\"wp-block-column is-layout-flow wp-block-column-is-layout-flow\" style=\"flex-basis:66.66%\">\n<p class=\"translation-block\"><strong>Comit\u00e9 International Associatif de R\u00e9flexion et Action - Martinica (Francia)<\/strong> CIARA \u00e8 na associazioni cu sedi in Martinica, Francia, ca si occupa di promoviri e susteniri l'integrazioni d\u00ee giuvini emarginati in ambienti educativi e sociali. L'associazioni havi esperienza nt\u00e2 proposta e nta l'attuazioni di azioni ca affruntanu li problemi ca li giuvini e li s\u00f2 ginituri hann\u00e2 affruntari nt\u00e2 societ\u00e0 locali. Nta l'ambitu d\u00ee s\u00f2 attivit\u00e0, CIARA organizza sessioni di coaching, furmazioni e tutoraggiu pi giuvini, studenti e professionisti.<br>Pi sapirinni di chi\u00f9:<\/p>\n<\/div>\n<\/div>\n\n\n\n<div class=\"wp-block-columns partners-block is-layout-flex wp-container-core-columns-is-layout-9d6595d7 wp-block-columns-is-layout-flex\">\n<div class=\"wp-block-column is-layout-flow wp-block-column-is-layout-flow\" style=\"flex-basis:33.33%\"><div class=\"wp-block-image is-style-default\">\n<figure class=\"aligncenter size-full\"><img decoding=\"async\" src=\"https:\/\/liaise-project.eu\/wp-content\/uploads\/2025\/04\/rbrussels.jpg\" alt=\"rbrussels\" class=\"wp-image-33\"\/><\/figure><\/div><\/div>\n\n\n\n<div class=\"wp-block-column is-layout-flow wp-block-column-is-layout-flow\" style=\"flex-basis:66.66%\">\n<p class=\"translation-block\"><strong>ReadLab Brussels<\/strong> \u00e8 n'organizzazioni di sviluppu e analisi d\u00e2 ricerca cu sedi a Bruxelles, in Belgio. La priorit\u00e0 di l'organizzazioni \u00e8 susteniri li istituzioni educativi formali e nun formali in un'ampia gamma di settura attraversu la fornitura di assistenza tecnica. Lu s\u00f2 impegnu attivu nt\u00ee iniziativi educativi pirmittiu a ReadLab Brussels di otteniri un impattu significativu nt\u00f4 panorama educativu, favurennu l'inclusioni, l'accessibilit\u00e0 e la criscita.<br>Pi sapirinni di chi\u00f9:<\/p>\n<\/div>\n<\/div>\n\n\n\n<div class=\"wp-block-columns partners-block is-layout-flex wp-container-core-columns-is-layout-9d6595d7 wp-block-columns-is-layout-flex\">\n<div class=\"wp-block-column is-layout-flow wp-block-column-is-layout-flow\" style=\"flex-basis:33.33%\"><div class=\"wp-block-image is-style-default\">\n<figure class=\"aligncenter size-full\"><img decoding=\"async\" src=\"https:\/\/liaise-project.eu\/wp-content\/uploads\/2025\/04\/mkosmos.jpg\" alt=\"mkosmos\" class=\"wp-image-39\"\/><\/figure><\/div><\/div>\n\n\n\n<div class=\"wp-block-column is-layout-flow wp-block-column-is-layout-flow\" style=\"flex-basis:66.66%\">\n<p class=\"translation-block\"><strong>\u201cMicrokosmos\u201d Associazione Culturale Italo-Ellenica per la Formazione - Italia<\/strong><br> Microkosmos \u00e8 n'associazioni culturali e educativa senza scopu di lucru cu sedi a Torino. Lu travagghiu di l'assuciazioni si basa supra li principi di sustenibbilit\u00e0, accessibilit\u00e0 e inclusioni, sustenennu attivamenti la parit\u00e0 di accessu a cuntesti educativi e sociali pi ogni individuu. Microkosmos orienta lu propriu travagghiu versu la fornitura \u00ea giuvini d\u00ee cumpitenzi trasversali e digitali di basi nicissarii pi navicari nt\u00ee moderni realt\u00e0 professionali, sociali e educativi.<br> Pi sapirinni di chi\u00f9:<\/p>\n<\/div>\n<\/div>\n<\/div>\n<\/div>","protected":false},"excerpt":{"rendered":"<p>PARTNERS Agrupamento de Escolas do Barreiro is<\/p>","protected":false},"author":1,"featured_media":0,"parent":0,"menu_order":0,"comment_status":"closed","ping_status":"closed","template":"page-fluid.php","meta":{"_bbp_topic_count":0,"_bbp_reply_count":0,"_bbp_total_topic_count":0,"_bbp_total_reply_count":0,"_bbp_voice_count":0,"_bbp_anonymous_reply_count":0,"_bbp_topic_count_hidden":0,"_bbp_reply_count_hidden":0,"_bbp_forum_subforum_count":0,"_uag_custom_page_level_css":"","footnotes":""},"class_list":["post-33","page","type-page","status-publish","hentry"],"uagb_featured_image_src":{"full":false,"thumbnail":false,"medium":false,"medium_large":false,"large":false,"1536x1536":false,"2048x2048":false,"trp-custom-language-flag":false,"d4p-bbp-thumb":false},"uagb_author_info":{"display_name":"admin","author_link":"https:\/\/culturalmosaic.liaise-project.eu\/scn\/author\/cultmosliaadmn\/"},"uagb_comment_info":0,"uagb_excerpt":"PARTNERS Agrupamento de Escolas do Barreiro is","_links":{"self":[{"href":"https:\/\/culturalmosaic.liaise-project.eu\/scn\/wp-json\/wp\/v2\/pages\/33","targetHints":{"allow":["GET"]}}],"collection":[{"href":"https:\/\/culturalmosaic.liaise-project.eu\/scn\/wp-json\/wp\/v2\/pages"}],"about":[{"href":"https:\/\/culturalmosaic.liaise-project.eu\/scn\/wp-json\/wp\/v2\/types\/page"}],"author":[{"embeddable":true,"href":"https:\/\/culturalmosaic.liaise-project.eu\/scn\/wp-json\/wp\/v2\/users\/1"}],"replies":[{"embeddable":true,"href":"https:\/\/culturalmosaic.liaise-project.eu\/scn\/wp-json\/wp\/v2\/comments?post=33"}],"version-history":[{"count":2,"href":"https:\/\/culturalmosaic.liaise-project.eu\/scn\/wp-json\/wp\/v2\/pages\/33\/revisions"}],"predecessor-version":[{"id":43,"href":"https:\/\/culturalmosaic.liaise-project.eu\/scn\/wp-json\/wp\/v2\/pages\/33\/revisions\/43"}],"wp:attachment":[{"href":"https:\/\/culturalmosaic.liaise-project.eu\/scn\/wp-json\/wp\/v2\/media?parent=33"}],"curies":[{"name":"wp","href":"https:\/\/api.w.org\/{rel}","templated":true}]}}

<div class="wp-block-uagb-container section-img uagb-block-4e28198a alignfull uagb-is-root-container">
<figure class="wp-block-image size-full"><img loading="lazy" decoding="async" width="2350" height="364" src="https://culturalmosaic.liaise-project.eu/wp-content/uploads/2025/05/8.jpg" alt="8" class="wp-image-19" srcset="https://culturalmosaic.liaise-project.eu/wp-content/uploads/2025/05/8.jpg 2350w, https://culturalmosaic.liaise-project.eu/wp-content/uploads/2025/05/8-300x46.jpg 300w, https://culturalmosaic.liaise-project.eu/wp-content/uploads/2025/05/8-1024x159.jpg 1024w, https://culturalmosaic.liaise-project.eu/wp-content/uploads/2025/05/8-768x119.jpg 768w, https://culturalmosaic.liaise-project.eu/wp-content/uploads/2025/05/8-1536x238.jpg 1536w, https://culturalmosaic.liaise-project.eu/wp-content/uploads/2025/05/8-2048x317.jpg 2048w" sizes="auto, (max-width: 2350px) 100vw, 2350px" /></figure>
</div>



<div class="wp-block-uagb-container main-page-partners uagb-block-da431a8e alignfull uagb-is-root-container">
<h2 class="wp-block-heading">Partner</h2>



<div data-aos= "fade-up" data-aos-duration="400" data-aos-delay="0" data-aos-easing="ease" data-aos-once="true" class="wp-block-uagb-container main-inside-white uagb-block-eea21150 alignfull uagb-is-root-container">
<div class="wp-block-columns partners-block is-layout-flex wp-container-core-columns-is-layout-9d6595d7 wp-block-columns-is-layout-flex">
<div class="wp-block-column is-layout-flow wp-block-column-is-layout-flow" style="flex-basis:33.33%"><div class="wp-block-image is-style-default">
<figure class="aligncenter size-full"><img decoding="async" src="https://liaise-project.eu/wp-content/uploads/2025/04/barreiro.jpg" alt="barreiro" class="wp-image-35"/></figure></div></div>



<div class="wp-block-column is-layout-flow wp-block-column-is-layout-flow" style="flex-basis:66.66%">
<p class="translation-block"><strong>L'Agrupamento de Escolas do Barreiro</strong> è na scola pubblica di Barreiru, in Portugallu. Cumprenni istituti sculastici di vari liveddi, comu scoli materni, elementari e medii, e un centru pû sviluppu culturali dî nzignanti. L'azioni dâ scola sunnu ncentrati supra la fornitura di na istruzioni di auta qualità ê sò studenti, in linia chî principi dû multilinguismu, dû multiculturalismu e di l'apprendimentu inclusivu e accessibili e dî metudi di insegnamentu. <br>Pi sapirinni di chiù:</p>
</div>
</div>



<div class="wp-block-columns partners-block is-layout-flex wp-container-core-columns-is-layout-9d6595d7 wp-block-columns-is-layout-flex">
<div class="wp-block-column is-layout-flow wp-block-column-is-layout-flow" style="flex-basis:33.33%"><div class="wp-block-image is-style-default">
<figure class="aligncenter size-full"><img decoding="async" src="https://liaise-project.eu/wp-content/uploads/2025/04/idaes.jpg" alt="idaes" class="wp-image-38"/></figure></div></div>



<div class="wp-block-column is-layout-flow wp-block-column-is-layout-flow" style="flex-basis:66.66%">
<p class="translation-block"><strong>L'Agrupamento de Escolas de Idães</strong> è na scola pubblica di Felgueiras, in Portugallu. L'iniziativi dâ scola sunnu in linia cû sò obbiettivu di promoviri l'inclusioni e l'accessibilità dî studenti di diversi cuntesti educativi, sociali, culturali e linguistichi. Oltri, promovi e susteni lu successu accademicu, sociali dî sò studenti, favurennu ô stissu tempu la sò cittadinanza attiva e lu sò impegnu civicu.<br>Pi sapirinni di chiù:</p>
</div>
</div>



<div class="wp-block-columns partners-block is-layout-flex wp-container-core-columns-is-layout-9d6595d7 wp-block-columns-is-layout-flex">
<div class="wp-block-column is-layout-flow wp-block-column-is-layout-flow" style="flex-basis:33.33%"><div class="wp-block-image is-style-default">
<figure class="aligncenter size-full"><img decoding="async" src="https://liaise-project.eu/wp-content/uploads/2025/04/snt-george.jpg" alt="snt george" class="wp-image-37"/></figure></div></div>



<div class="wp-block-column is-layout-flow wp-block-column-is-layout-flow" style="flex-basis:66.66%">
<p class="translation-block"><strong>Likio Agiou Georgiou Lakatamias</strong> è na scola pubblica di istruzioni secundaria supiriuri a Nicosia, Cipru. La scola metti granni enfasi supra lu successu accademicu, e supra lu sviluppu pirsunali, sociali e culturali dî sò studenti, offrennu ad iddi l'opportunità di mparari ntôn ambienti inclusivu e accessibili. La scola è ricanusciuta pî sò azioni a liveddu nazziunali e europeu.<br>Pi sapirinni di chiù:</p>
</div>
</div>



<div class="wp-block-columns partners-block is-layout-flex wp-container-core-columns-is-layout-9d6595d7 wp-block-columns-is-layout-flex">
<div class="wp-block-column is-layout-flow wp-block-column-is-layout-flow" style="flex-basis:33.33%"><div class="wp-block-image is-style-default">
<figure class="aligncenter size-full"><img decoding="async" src="https://liaise-project.eu/wp-content/uploads/2025/04/ciara.jpg" alt="ciara" class="wp-image-36"/></figure></div></div>



<div class="wp-block-column is-layout-flow wp-block-column-is-layout-flow" style="flex-basis:66.66%">
<p class="translation-block"><strong>Comité International Associatif de Réflexion et Action - Martinica (Francia)</strong> CIARA è na associazioni cu sedi in Martinica, Francia, ca si occupa di promoviri e susteniri l'integrazioni dî giuvini emarginati in ambienti educativi e sociali. L'associazioni havi esperienza ntâ proposta e nta l'attuazioni di azioni ca affruntanu li problemi ca li giuvini e li sò ginituri hannâ affruntari ntâ società locali. Nta l'ambitu dî sò attività, CIARA organizza sessioni di coaching, furmazioni e tutoraggiu pi giuvini, studenti e professionisti.<br>Pi sapirinni di chiù:</p>
</div>
</div>



<div class="wp-block-columns partners-block is-layout-flex wp-container-core-columns-is-layout-9d6595d7 wp-block-columns-is-layout-flex">
<div class="wp-block-column is-layout-flow wp-block-column-is-layout-flow" style="flex-basis:33.33%"><div class="wp-block-image is-style-default">
<figure class="aligncenter size-full"><img decoding="async" src="https://liaise-project.eu/wp-content/uploads/2025/04/rbrussels.jpg" alt="rbrussels" class="wp-image-33"/></figure></div></div>



<div class="wp-block-column is-layout-flow wp-block-column-is-layout-flow" style="flex-basis:66.66%">
<p class="translation-block"><strong>ReadLab Brussels</strong> è n'organizzazioni di sviluppu e analisi dâ ricerca cu sedi a Bruxelles, in Belgio. La priorità di l'organizzazioni è susteniri li istituzioni educativi formali e nun formali in un'ampia gamma di settura attraversu la fornitura di assistenza tecnica. Lu sò impegnu attivu ntî iniziativi educativi pirmittiu a ReadLab Brussels di otteniri un impattu significativu ntô panorama educativu, favurennu l'inclusioni, l'accessibilità e la criscita.<br>Pi sapirinni di chiù:</p>
</div>
</div>



<div class="wp-block-columns partners-block is-layout-flex wp-container-core-columns-is-layout-9d6595d7 wp-block-columns-is-layout-flex">
<div class="wp-block-column is-layout-flow wp-block-column-is-layout-flow" style="flex-basis:33.33%"><div class="wp-block-image is-style-default">
<figure class="aligncenter size-full"><img decoding="async" src="https://liaise-project.eu/wp-content/uploads/2025/04/mkosmos.jpg" alt="mkosmos" class="wp-image-39"/></figure></div></div>



<div class="wp-block-column is-layout-flow wp-block-column-is-layout-flow" style="flex-basis:66.66%">
<p class="translation-block"><strong>“Microkosmos” Associazione Culturale Italo-Ellenica per la Formazione - Italia</strong><br> Microkosmos è n'associazioni culturali e educativa senza scopu di lucru cu sedi a Torino. Lu travagghiu di l'assuciazioni si basa supra li principi di sustenibbilità, accessibilità e inclusioni, sustenennu attivamenti la parità di accessu a cuntesti educativi e sociali pi ogni individuu. Microkosmos orienta lu propriu travagghiu versu la fornitura ê giuvini dî cumpitenzi trasversali e digitali di basi nicissarii pi navicari ntî moderni realtà professionali, sociali e educativi.<br> Pi sapirinni di chiù:</p>
</div>
</div>
</div>
</div>
