{"id":33,"date":"2025-05-09T10:23:50","date_gmt":"2025-05-09T10:23:50","guid":{"rendered":"https:\/\/culturalmosaic.liaise-project.eu\/?page_id=33"},"modified":"2025-05-09T10:51:25","modified_gmt":"2025-05-09T10:51:25","slug":"partners","status":"publish","type":"page","link":"https:\/\/culturalmosaic.liaise-project.eu\/pt\/partners\/","title":{"rendered":"Parceiros"},"content":{"rendered":"<div class=\"wp-block-uagb-container section-img uagb-block-4e28198a alignfull uagb-is-root-container\">\n<figure class=\"wp-block-image size-full\"><img loading=\"lazy\" decoding=\"async\" width=\"2350\" height=\"364\" src=\"https:\/\/culturalmosaic.liaise-project.eu\/wp-content\/uploads\/2025\/05\/8.jpg\" alt=\"8\" class=\"wp-image-19\" srcset=\"https:\/\/culturalmosaic.liaise-project.eu\/wp-content\/uploads\/2025\/05\/8.jpg 2350w, https:\/\/culturalmosaic.liaise-project.eu\/wp-content\/uploads\/2025\/05\/8-300x46.jpg 300w, https:\/\/culturalmosaic.liaise-project.eu\/wp-content\/uploads\/2025\/05\/8-1024x159.jpg 1024w, https:\/\/culturalmosaic.liaise-project.eu\/wp-content\/uploads\/2025\/05\/8-768x119.jpg 768w, https:\/\/culturalmosaic.liaise-project.eu\/wp-content\/uploads\/2025\/05\/8-1536x238.jpg 1536w, https:\/\/culturalmosaic.liaise-project.eu\/wp-content\/uploads\/2025\/05\/8-2048x317.jpg 2048w\" sizes=\"auto, (max-width: 2350px) 100vw, 2350px\" \/><\/figure>\n<\/div>\n\n\n\n<div class=\"wp-block-uagb-container main-page-partners uagb-block-da431a8e alignfull uagb-is-root-container\">\n<h2 class=\"wp-block-heading\">Parceiros<\/h2>\n\n\n\n<div data-aos= \"fade-up\" data-aos-duration=\"400\" data-aos-delay=\"0\" data-aos-easing=\"ease\" data-aos-once=\"true\" class=\"wp-block-uagb-container main-inside-white uagb-block-eea21150 alignfull uagb-is-root-container\">\n<div class=\"wp-block-columns partners-block is-layout-flex wp-container-core-columns-is-layout-9d6595d7 wp-block-columns-is-layout-flex\">\n<div class=\"wp-block-column is-layout-flow wp-block-column-is-layout-flow\" style=\"flex-basis:33.33%\"><div class=\"wp-block-image is-style-default\">\n<figure class=\"aligncenter size-full\"><img decoding=\"async\" src=\"https:\/\/liaise-project.eu\/wp-content\/uploads\/2025\/04\/barreiro.jpg\" alt=\"barreiro\" class=\"wp-image-35\"\/><\/figure><\/div><\/div>\n\n\n\n<div class=\"wp-block-column is-layout-flow wp-block-column-is-layout-flow\" style=\"flex-basis:66.66%\">\n<p class=\"translation-block\"><strong>O Agrupamento de Escolas do Barreiro<\/strong> \u00e9 uma escola p\u00fablica no Barreiro, Portugal. Integra estabelecimentos de ensino de v\u00e1rios n\u00edveis, incluindo a educa\u00e7\u00e3o pr\u00e9-escolar, o ensino b\u00e1sico, a educa\u00e7\u00e3o de adultos e um centro de forma\u00e7\u00e3o para o desenvolvimento profissional de professores. A sua a\u00e7\u00e3o centra-se na oferta de uma educa\u00e7\u00e3o de qualidade aos seus alunos, de acordo com os princ\u00edpios do multilinguismo, da multiculturalidade e de m\u00e9todos de ensino e aprendizagem inclusivos e acess\u00edveis.<br>Saiba mais:<\/p>\n<\/div>\n<\/div>\n\n\n\n<div class=\"wp-block-columns partners-block is-layout-flex wp-container-core-columns-is-layout-9d6595d7 wp-block-columns-is-layout-flex\">\n<div class=\"wp-block-column is-layout-flow wp-block-column-is-layout-flow\" style=\"flex-basis:33.33%\"><div class=\"wp-block-image is-style-default\">\n<figure class=\"aligncenter size-full\"><img decoding=\"async\" src=\"https:\/\/liaise-project.eu\/wp-content\/uploads\/2025\/04\/idaes.jpg\" alt=\"idaes\" class=\"wp-image-38\"\/><\/figure><\/div><\/div>\n\n\n\n<div class=\"wp-block-column is-layout-flow wp-block-column-is-layout-flow\" style=\"flex-basis:66.66%\">\n<p class=\"translation-block\"><strong>O Agrupamento de Escolas de Id\u00e3es<\/strong> \u00e9 uma escola p\u00fablica em Felgueiras, Portugal. As iniciativas da escola est\u00e3o alinhadas com o seu objetivo de promover a inclus\u00e3o e a acessibilidade de alunos provenientes de v\u00e1rios contextos educativos, sociais, culturais e lingu\u00edsticos. Al\u00e9m disso, promove e apoia o sucesso acad\u00e9mico, profissional e social dos seus alunos, fomentando ao mesmo tempo a sua cidadania ativa e o seu envolvimento c\u00edvico.<br>Para saber mais:<\/p>\n<\/div>\n<\/div>\n\n\n\n<div class=\"wp-block-columns partners-block is-layout-flex wp-container-core-columns-is-layout-9d6595d7 wp-block-columns-is-layout-flex\">\n<div class=\"wp-block-column is-layout-flow wp-block-column-is-layout-flow\" style=\"flex-basis:33.33%\"><div class=\"wp-block-image is-style-default\">\n<figure class=\"aligncenter size-full\"><img decoding=\"async\" src=\"https:\/\/liaise-project.eu\/wp-content\/uploads\/2025\/04\/snt-george.jpg\" alt=\"snt george\" class=\"wp-image-37\"\/><\/figure><\/div><\/div>\n\n\n\n<div class=\"wp-block-column is-layout-flow wp-block-column-is-layout-flow\" style=\"flex-basis:66.66%\">\n<p class=\"translation-block\"><strong>Likio Agiou Georgiou Lakatamias<\/strong> \u00e9 uma escola p\u00fablica de ensino secund\u00e1rio em Nic\u00f3sia, Chipre. A escola coloca uma forte \u00eanfase no sucesso acad\u00e9mico, bem como no desenvolvimento pessoal, social e profissional dos seus alunos, proporcionando-lhes a oportunidade de aprender num ambiente inclusivo e acess\u00edvel. A escola \u00e9 reconhecida pelas suas a\u00e7\u00f5es a n\u00edvel nacional e europeu.<br>Para saber mais:<\/p>\n<\/div>\n<\/div>\n\n\n\n<div class=\"wp-block-columns partners-block is-layout-flex wp-container-core-columns-is-layout-9d6595d7 wp-block-columns-is-layout-flex\">\n<div class=\"wp-block-column is-layout-flow wp-block-column-is-layout-flow\" style=\"flex-basis:33.33%\"><div class=\"wp-block-image is-style-default\">\n<figure class=\"aligncenter size-full\"><img decoding=\"async\" src=\"https:\/\/liaise-project.eu\/wp-content\/uploads\/2025\/04\/ciara.jpg\" alt=\"ciara\" class=\"wp-image-36\"\/><\/figure><\/div><\/div>\n\n\n\n<div class=\"wp-block-column is-layout-flow wp-block-column-is-layout-flow\" style=\"flex-basis:66.66%\">\n<p class=\"translation-block\"><strong>Comit\u00e9 International Associatif de R\u00e9flexion et Action - Martinica (Fran\u00e7a)<\/strong> CIARA \u00e9 uma associa\u00e7\u00e3o sediada na Martinica, em Fran\u00e7a, centrada na promo\u00e7\u00e3o e no apoio \u00e0 integra\u00e7\u00e3o de jovens marginalizados em ambientes educativos e sociais. A associa\u00e7\u00e3o tem experi\u00eancia em propor e implementar a\u00e7\u00f5es que abordam os problemas que os jovens e os seus pais enfrentam na sociedade local. No \u00e2mbito das suas atividades, a CIARA organiza sess\u00f5es de coaching, forma\u00e7\u00e3o e tutoria para jovens, estudantes e profissionais.<br>Para saber mais:<\/p>\n<\/div>\n<\/div>\n\n\n\n<div class=\"wp-block-columns partners-block is-layout-flex wp-container-core-columns-is-layout-9d6595d7 wp-block-columns-is-layout-flex\">\n<div class=\"wp-block-column is-layout-flow wp-block-column-is-layout-flow\" style=\"flex-basis:33.33%\"><div class=\"wp-block-image is-style-default\">\n<figure class=\"aligncenter size-full\"><img decoding=\"async\" src=\"https:\/\/liaise-project.eu\/wp-content\/uploads\/2025\/04\/rbrussels.jpg\" alt=\"rbrussels\" class=\"wp-image-33\"\/><\/figure><\/div><\/div>\n\n\n\n<div class=\"wp-block-column is-layout-flow wp-block-column-is-layout-flow\" style=\"flex-basis:66.66%\">\n<p class=\"translation-block\"><strong>ReadLab Brussels<\/strong> \u00e9 uma organiza\u00e7\u00e3o de an\u00e1lise de desenvolvimento e investiga\u00e7\u00e3o com sede em Bruxelas, B\u00e9lgica. A prioridade da organiza\u00e7\u00e3o \u00e9 apoiar institui\u00e7\u00f5es educativas formais e n\u00e3o formais numa vasta gama de dom\u00ednios atrav\u00e9s da presta\u00e7\u00e3o de assist\u00eancia t\u00e9cnica. O seu envolvimento ativo em iniciativas educativas permitiu \u00e0 ReadLab Brussels alcan\u00e7ar um impacto significativo no panorama educativo, promovendo a inclus\u00e3o, a acessibilidade e o crescimento.<br>Para saber mais:<\/p>\n<\/div>\n<\/div>\n\n\n\n<div class=\"wp-block-columns partners-block is-layout-flex wp-container-core-columns-is-layout-9d6595d7 wp-block-columns-is-layout-flex\">\n<div class=\"wp-block-column is-layout-flow wp-block-column-is-layout-flow\" style=\"flex-basis:33.33%\"><div class=\"wp-block-image is-style-default\">\n<figure class=\"aligncenter size-full\"><img decoding=\"async\" src=\"https:\/\/liaise-project.eu\/wp-content\/uploads\/2025\/04\/mkosmos.jpg\" alt=\"mkosmos\" class=\"wp-image-39\"\/><\/figure><\/div><\/div>\n\n\n\n<div class=\"wp-block-column is-layout-flow wp-block-column-is-layout-flow\" style=\"flex-basis:66.66%\">\n<p class=\"translation-block\"><strong>Associa\u00e7\u00e3o cultural italo-hel\u00e9nica para a forma\u00e7\u00e3o \u201cMicrokosmos\u201d - It\u00e1lia<\/strong> Microkosmos \u00e9 uma associa\u00e7\u00e3o cultural e educacional sem fins lucrativos em Turim, It\u00e1lia. O trabalho da associa\u00e7\u00e3o baseia-se nos princ\u00edpios da sustentabilidade, acessibilidade e inclus\u00e3o, apoiando ativamente a igualdade de acesso a contextos educativos e sociais para todos os indiv\u00edduos. A Microkosmos orienta o seu trabalho no sentido de fornecer aos jovens as compet\u00eancias b\u00e1sicas digitais e sociais necess\u00e1rias para navegarem nas realidades profissionais, sociais e educativas modernas.<br>Para saber mais:<\/p>\n<\/div>\n<\/div>\n<\/div>\n<\/div>","protected":false},"excerpt":{"rendered":"<p>PARTNERS Agrupamento de Escolas do Barreiro is<\/p>","protected":false},"author":1,"featured_media":0,"parent":0,"menu_order":0,"comment_status":"closed","ping_status":"closed","template":"page-fluid.php","meta":{"_bbp_topic_count":0,"_bbp_reply_count":0,"_bbp_total_topic_count":0,"_bbp_total_reply_count":0,"_bbp_voice_count":0,"_bbp_anonymous_reply_count":0,"_bbp_topic_count_hidden":0,"_bbp_reply_count_hidden":0,"_bbp_forum_subforum_count":0,"_uag_custom_page_level_css":"","footnotes":""},"class_list":["post-33","page","type-page","status-publish","hentry"],"uagb_featured_image_src":{"full":false,"thumbnail":false,"medium":false,"medium_large":false,"large":false,"1536x1536":false,"2048x2048":false,"trp-custom-language-flag":false,"d4p-bbp-thumb":false},"uagb_author_info":{"display_name":"admin","author_link":"https:\/\/culturalmosaic.liaise-project.eu\/pt\/author\/cultmosliaadmn\/"},"uagb_comment_info":0,"uagb_excerpt":"PARTNERS Agrupamento de Escolas do Barreiro is","_links":{"self":[{"href":"https:\/\/culturalmosaic.liaise-project.eu\/pt\/wp-json\/wp\/v2\/pages\/33","targetHints":{"allow":["GET"]}}],"collection":[{"href":"https:\/\/culturalmosaic.liaise-project.eu\/pt\/wp-json\/wp\/v2\/pages"}],"about":[{"href":"https:\/\/culturalmosaic.liaise-project.eu\/pt\/wp-json\/wp\/v2\/types\/page"}],"author":[{"embeddable":true,"href":"https:\/\/culturalmosaic.liaise-project.eu\/pt\/wp-json\/wp\/v2\/users\/1"}],"replies":[{"embeddable":true,"href":"https:\/\/culturalmosaic.liaise-project.eu\/pt\/wp-json\/wp\/v2\/comments?post=33"}],"version-history":[{"count":2,"href":"https:\/\/culturalmosaic.liaise-project.eu\/pt\/wp-json\/wp\/v2\/pages\/33\/revisions"}],"predecessor-version":[{"id":43,"href":"https:\/\/culturalmosaic.liaise-project.eu\/pt\/wp-json\/wp\/v2\/pages\/33\/revisions\/43"}],"wp:attachment":[{"href":"https:\/\/culturalmosaic.liaise-project.eu\/pt\/wp-json\/wp\/v2\/media?parent=33"}],"curies":[{"name":"wp","href":"https:\/\/api.w.org\/{rel}","templated":true}]}}

<div class="wp-block-uagb-container section-img uagb-block-4e28198a alignfull uagb-is-root-container">
<figure class="wp-block-image size-full"><img loading="lazy" decoding="async" width="2350" height="364" src="https://culturalmosaic.liaise-project.eu/wp-content/uploads/2025/05/8.jpg" alt="8" class="wp-image-19" srcset="https://culturalmosaic.liaise-project.eu/wp-content/uploads/2025/05/8.jpg 2350w, https://culturalmosaic.liaise-project.eu/wp-content/uploads/2025/05/8-300x46.jpg 300w, https://culturalmosaic.liaise-project.eu/wp-content/uploads/2025/05/8-1024x159.jpg 1024w, https://culturalmosaic.liaise-project.eu/wp-content/uploads/2025/05/8-768x119.jpg 768w, https://culturalmosaic.liaise-project.eu/wp-content/uploads/2025/05/8-1536x238.jpg 1536w, https://culturalmosaic.liaise-project.eu/wp-content/uploads/2025/05/8-2048x317.jpg 2048w" sizes="auto, (max-width: 2350px) 100vw, 2350px" /></figure>
</div>



<div class="wp-block-uagb-container main-page-partners uagb-block-da431a8e alignfull uagb-is-root-container">
<h2 class="wp-block-heading">Parceiros</h2>



<div data-aos= "fade-up" data-aos-duration="400" data-aos-delay="0" data-aos-easing="ease" data-aos-once="true" class="wp-block-uagb-container main-inside-white uagb-block-eea21150 alignfull uagb-is-root-container">
<div class="wp-block-columns partners-block is-layout-flex wp-container-core-columns-is-layout-9d6595d7 wp-block-columns-is-layout-flex">
<div class="wp-block-column is-layout-flow wp-block-column-is-layout-flow" style="flex-basis:33.33%"><div class="wp-block-image is-style-default">
<figure class="aligncenter size-full"><img decoding="async" src="https://liaise-project.eu/wp-content/uploads/2025/04/barreiro.jpg" alt="barreiro" class="wp-image-35"/></figure></div></div>



<div class="wp-block-column is-layout-flow wp-block-column-is-layout-flow" style="flex-basis:66.66%">
<p class="translation-block"><strong>O Agrupamento de Escolas do Barreiro</strong> é uma escola pública no Barreiro, Portugal. Integra estabelecimentos de ensino de vários níveis, incluindo a educação pré-escolar, o ensino básico, a educação de adultos e um centro de formação para o desenvolvimento profissional de professores. A sua ação centra-se na oferta de uma educação de qualidade aos seus alunos, de acordo com os princípios do multilinguismo, da multiculturalidade e de métodos de ensino e aprendizagem inclusivos e acessíveis.<br>Saiba mais:</p>
</div>
</div>



<div class="wp-block-columns partners-block is-layout-flex wp-container-core-columns-is-layout-9d6595d7 wp-block-columns-is-layout-flex">
<div class="wp-block-column is-layout-flow wp-block-column-is-layout-flow" style="flex-basis:33.33%"><div class="wp-block-image is-style-default">
<figure class="aligncenter size-full"><img decoding="async" src="https://liaise-project.eu/wp-content/uploads/2025/04/idaes.jpg" alt="idaes" class="wp-image-38"/></figure></div></div>



<div class="wp-block-column is-layout-flow wp-block-column-is-layout-flow" style="flex-basis:66.66%">
<p class="translation-block"><strong>O Agrupamento de Escolas de Idães</strong> é uma escola pública em Felgueiras, Portugal. As iniciativas da escola estão alinhadas com o seu objetivo de promover a inclusão e a acessibilidade de alunos provenientes de vários contextos educativos, sociais, culturais e linguísticos. Além disso, promove e apoia o sucesso académico, profissional e social dos seus alunos, fomentando ao mesmo tempo a sua cidadania ativa e o seu envolvimento cívico.<br>Para saber mais:</p>
</div>
</div>



<div class="wp-block-columns partners-block is-layout-flex wp-container-core-columns-is-layout-9d6595d7 wp-block-columns-is-layout-flex">
<div class="wp-block-column is-layout-flow wp-block-column-is-layout-flow" style="flex-basis:33.33%"><div class="wp-block-image is-style-default">
<figure class="aligncenter size-full"><img decoding="async" src="https://liaise-project.eu/wp-content/uploads/2025/04/snt-george.jpg" alt="snt george" class="wp-image-37"/></figure></div></div>



<div class="wp-block-column is-layout-flow wp-block-column-is-layout-flow" style="flex-basis:66.66%">
<p class="translation-block"><strong>Likio Agiou Georgiou Lakatamias</strong> é uma escola pública de ensino secundário em Nicósia, Chipre. A escola coloca uma forte ênfase no sucesso académico, bem como no desenvolvimento pessoal, social e profissional dos seus alunos, proporcionando-lhes a oportunidade de aprender num ambiente inclusivo e acessível. A escola é reconhecida pelas suas ações a nível nacional e europeu.<br>Para saber mais:</p>
</div>
</div>



<div class="wp-block-columns partners-block is-layout-flex wp-container-core-columns-is-layout-9d6595d7 wp-block-columns-is-layout-flex">
<div class="wp-block-column is-layout-flow wp-block-column-is-layout-flow" style="flex-basis:33.33%"><div class="wp-block-image is-style-default">
<figure class="aligncenter size-full"><img decoding="async" src="https://liaise-project.eu/wp-content/uploads/2025/04/ciara.jpg" alt="ciara" class="wp-image-36"/></figure></div></div>



<div class="wp-block-column is-layout-flow wp-block-column-is-layout-flow" style="flex-basis:66.66%">
<p class="translation-block"><strong>Comité International Associatif de Réflexion et Action - Martinica (França)</strong> CIARA é uma associação sediada na Martinica, em França, centrada na promoção e no apoio à integração de jovens marginalizados em ambientes educativos e sociais. A associação tem experiência em propor e implementar ações que abordam os problemas que os jovens e os seus pais enfrentam na sociedade local. No âmbito das suas atividades, a CIARA organiza sessões de coaching, formação e tutoria para jovens, estudantes e profissionais.<br>Para saber mais:</p>
</div>
</div>



<div class="wp-block-columns partners-block is-layout-flex wp-container-core-columns-is-layout-9d6595d7 wp-block-columns-is-layout-flex">
<div class="wp-block-column is-layout-flow wp-block-column-is-layout-flow" style="flex-basis:33.33%"><div class="wp-block-image is-style-default">
<figure class="aligncenter size-full"><img decoding="async" src="https://liaise-project.eu/wp-content/uploads/2025/04/rbrussels.jpg" alt="rbrussels" class="wp-image-33"/></figure></div></div>



<div class="wp-block-column is-layout-flow wp-block-column-is-layout-flow" style="flex-basis:66.66%">
<p class="translation-block"><strong>ReadLab Brussels</strong> é uma organização de análise de desenvolvimento e investigação com sede em Bruxelas, Bélgica. A prioridade da organização é apoiar instituições educativas formais e não formais numa vasta gama de domínios através da prestação de assistência técnica. O seu envolvimento ativo em iniciativas educativas permitiu à ReadLab Brussels alcançar um impacto significativo no panorama educativo, promovendo a inclusão, a acessibilidade e o crescimento.<br>Para saber mais:</p>
</div>
</div>



<div class="wp-block-columns partners-block is-layout-flex wp-container-core-columns-is-layout-9d6595d7 wp-block-columns-is-layout-flex">
<div class="wp-block-column is-layout-flow wp-block-column-is-layout-flow" style="flex-basis:33.33%"><div class="wp-block-image is-style-default">
<figure class="aligncenter size-full"><img decoding="async" src="https://liaise-project.eu/wp-content/uploads/2025/04/mkosmos.jpg" alt="mkosmos" class="wp-image-39"/></figure></div></div>



<div class="wp-block-column is-layout-flow wp-block-column-is-layout-flow" style="flex-basis:66.66%">
<p class="translation-block"><strong>Associação cultural italo-helénica para a formação “Microkosmos” - Itália</strong> Microkosmos é uma associação cultural e educacional sem fins lucrativos em Turim, Itália. O trabalho da associação baseia-se nos princípios da sustentabilidade, acessibilidade e inclusão, apoiando ativamente a igualdade de acesso a contextos educativos e sociais para todos os indivíduos. A Microkosmos orienta o seu trabalho no sentido de fornecer aos jovens as competências básicas digitais e sociais necessárias para navegarem nas realidades profissionais, sociais e educativas modernas.<br>Para saber mais:</p>
</div>
</div>
</div>
</div>
