{"id":33,"date":"2025-05-09T10:23:50","date_gmt":"2025-05-09T10:23:50","guid":{"rendered":"https:\/\/culturalmosaic.liaise-project.eu\/?page_id=33"},"modified":"2025-05-09T10:51:25","modified_gmt":"2025-05-09T10:51:25","slug":"partners","status":"publish","type":"page","link":"https:\/\/culturalmosaic.liaise-project.eu\/it\/partners\/","title":{"rendered":"Partner"},"content":{"rendered":"<div class=\"wp-block-uagb-container section-img uagb-block-4e28198a alignfull uagb-is-root-container\">\n<figure class=\"wp-block-image size-full\"><img loading=\"lazy\" decoding=\"async\" width=\"2350\" height=\"364\" src=\"https:\/\/culturalmosaic.liaise-project.eu\/wp-content\/uploads\/2025\/05\/8.jpg\" alt=\"8\" class=\"wp-image-19\" srcset=\"https:\/\/culturalmosaic.liaise-project.eu\/wp-content\/uploads\/2025\/05\/8.jpg 2350w, https:\/\/culturalmosaic.liaise-project.eu\/wp-content\/uploads\/2025\/05\/8-300x46.jpg 300w, https:\/\/culturalmosaic.liaise-project.eu\/wp-content\/uploads\/2025\/05\/8-1024x159.jpg 1024w, https:\/\/culturalmosaic.liaise-project.eu\/wp-content\/uploads\/2025\/05\/8-768x119.jpg 768w, https:\/\/culturalmosaic.liaise-project.eu\/wp-content\/uploads\/2025\/05\/8-1536x238.jpg 1536w, https:\/\/culturalmosaic.liaise-project.eu\/wp-content\/uploads\/2025\/05\/8-2048x317.jpg 2048w\" sizes=\"auto, (max-width: 2350px) 100vw, 2350px\" \/><\/figure>\n<\/div>\n\n\n\n<div class=\"wp-block-uagb-container main-page-partners uagb-block-da431a8e alignfull uagb-is-root-container\">\n<h2 class=\"wp-block-heading\">Partner<\/h2>\n\n\n\n<div data-aos= \"fade-up\" data-aos-duration=\"400\" data-aos-delay=\"0\" data-aos-easing=\"ease\" data-aos-once=\"true\" class=\"wp-block-uagb-container main-inside-white uagb-block-eea21150 alignfull uagb-is-root-container\">\n<div class=\"wp-block-columns partners-block is-layout-flex wp-container-core-columns-is-layout-9d6595d7 wp-block-columns-is-layout-flex\">\n<div class=\"wp-block-column is-layout-flow wp-block-column-is-layout-flow\" style=\"flex-basis:33.33%\"><div class=\"wp-block-image is-style-default\">\n<figure class=\"aligncenter size-full\"><img decoding=\"async\" src=\"https:\/\/liaise-project.eu\/wp-content\/uploads\/2025\/04\/barreiro.jpg\" alt=\"barreiro\" class=\"wp-image-35\"\/><\/figure><\/div><\/div>\n\n\n\n<div class=\"wp-block-column is-layout-flow wp-block-column-is-layout-flow\" style=\"flex-basis:66.66%\">\n<p class=\"translation-block\"><strong>L'Agrupamento de Escolas do Barreiro<\/strong> \u00e8 una scuola pubblica di Barreiro, in Portogallo. Comprende istituti scolastici di vari livelli, come scuole materne, elementari e medie, e un centro per lo sviluppo professionale degli insegnanti. Le azioni della scuola sono incentrate sulla fornitura di un'istruzione di alta qualit\u00e0 ai suoi studenti, in linea con i principi del multilinguismo, del multiculturalismo e dell'apprendimento inclusivo e accessibile e dei metodi di insegnamento.<br>Per saperne di pi\u00f9:<\/p>\n<\/div>\n<\/div>\n\n\n\n<div class=\"wp-block-columns partners-block is-layout-flex wp-container-core-columns-is-layout-9d6595d7 wp-block-columns-is-layout-flex\">\n<div class=\"wp-block-column is-layout-flow wp-block-column-is-layout-flow\" style=\"flex-basis:33.33%\"><div class=\"wp-block-image is-style-default\">\n<figure class=\"aligncenter size-full\"><img decoding=\"async\" src=\"https:\/\/liaise-project.eu\/wp-content\/uploads\/2025\/04\/idaes.jpg\" alt=\"idaes\" class=\"wp-image-38\"\/><\/figure><\/div><\/div>\n\n\n\n<div class=\"wp-block-column is-layout-flow wp-block-column-is-layout-flow\" style=\"flex-basis:66.66%\">\n<p class=\"translation-block\"><strong>L'Agrupamento de Escolas de Id\u00e3es<\/strong> \u00e8 una scuola pubblica di Felgueiras, in Portogallo. Le iniziative della scuola sono in linea con il suo obiettivo di promuovere l'inclusione e l'accessibilit\u00e0 degli studenti provenienti da diversi contesti educativi, sociali, culturali e linguistici. Inoltre, promuove e sostiene il successo accademico, professionale e sociale dei suoi studenti, favorendo allo stesso tempo la loro cittadinanza attiva e il loro impegno civico.<br>Per saperne di pi\u00f9:<\/p>\n<\/div>\n<\/div>\n\n\n\n<div class=\"wp-block-columns partners-block is-layout-flex wp-container-core-columns-is-layout-9d6595d7 wp-block-columns-is-layout-flex\">\n<div class=\"wp-block-column is-layout-flow wp-block-column-is-layout-flow\" style=\"flex-basis:33.33%\"><div class=\"wp-block-image is-style-default\">\n<figure class=\"aligncenter size-full\"><img decoding=\"async\" src=\"https:\/\/liaise-project.eu\/wp-content\/uploads\/2025\/04\/snt-george.jpg\" alt=\"snt george\" class=\"wp-image-37\"\/><\/figure><\/div><\/div>\n\n\n\n<div class=\"wp-block-column is-layout-flow wp-block-column-is-layout-flow\" style=\"flex-basis:66.66%\">\n<p class=\"translation-block\"><strong>Likio Agiou Georgiou Lakatamias<\/strong> \u00e8 una scuola pubblica di istruzione secondaria superiore a Nicosia, Cipro. La scuola pone grande enfasi sul successo accademico, nonch\u00e9 sullo sviluppo personale, sociale e professionale dei suoi studenti, offrendo loro l'opportunit\u00e0 di imparare in un ambiente inclusivo e accessibile. La scuola \u00e8 riconosciuta per le sue azioni a livello nazionale ed europeo.<br>Per saperne di pi\u00f9:<\/p>\n<\/div>\n<\/div>\n\n\n\n<div class=\"wp-block-columns partners-block is-layout-flex wp-container-core-columns-is-layout-9d6595d7 wp-block-columns-is-layout-flex\">\n<div class=\"wp-block-column is-layout-flow wp-block-column-is-layout-flow\" style=\"flex-basis:33.33%\"><div class=\"wp-block-image is-style-default\">\n<figure class=\"aligncenter size-full\"><img decoding=\"async\" src=\"https:\/\/liaise-project.eu\/wp-content\/uploads\/2025\/04\/ciara.jpg\" alt=\"ciara\" class=\"wp-image-36\"\/><\/figure><\/div><\/div>\n\n\n\n<div class=\"wp-block-column is-layout-flow wp-block-column-is-layout-flow\" style=\"flex-basis:66.66%\">\n<p class=\"translation-block\"><strong>Comit\u00e9 International Associatif de R\u00e9flexion et Action - Martinica (Francia)<\/strong> CIARA \u00e8 una associazione con sede in Martinica, Francia, che si occupa di promuovere e sostenere l'integrazione dei giovani emarginati in ambienti educativi e sociali. L'associazione ha esperienza nella proposta e nell'attuazione di azioni che affrontano le questioni che i giovani e i loro genitori devono affrontare nella societ\u00e0 locale. Nell'ambito delle sue attivit\u00e0, CIARA organizza sessioni di coaching, formazione e tutoraggio per giovani, studenti e professionisti.<br>Per saperne di pi\u00f9:<\/p>\n<\/div>\n<\/div>\n\n\n\n<div class=\"wp-block-columns partners-block is-layout-flex wp-container-core-columns-is-layout-9d6595d7 wp-block-columns-is-layout-flex\">\n<div class=\"wp-block-column is-layout-flow wp-block-column-is-layout-flow\" style=\"flex-basis:33.33%\"><div class=\"wp-block-image is-style-default\">\n<figure class=\"aligncenter size-full\"><img decoding=\"async\" src=\"https:\/\/liaise-project.eu\/wp-content\/uploads\/2025\/04\/rbrussels.jpg\" alt=\"rbrussels\" class=\"wp-image-33\"\/><\/figure><\/div><\/div>\n\n\n\n<div class=\"wp-block-column is-layout-flow wp-block-column-is-layout-flow\" style=\"flex-basis:66.66%\">\n<p class=\"translation-block\"><strong>ReadLab Brussels<\/strong> \u00e8 un'organizzazione di sviluppo e analisi della ricerca con sede a Bruxelles, in Belgio. La priorit\u00e0 dell'organizzazione \u00e8 sostenere le istituzioni educative formali e non formali in un'ampia gamma di settori attraverso la fornitura di assistenza tecnica. Il suo impegno attivo nelle iniziative educative ha permesso a ReadLab Brussels di ottenere un impatto significativo nel panorama educativo, favorendo l'inclusione, l'accessibilit\u00e0 e la crescita.<br>Per saperne di pi\u00f9:<\/p>\n<\/div>\n<\/div>\n\n\n\n<div class=\"wp-block-columns partners-block is-layout-flex wp-container-core-columns-is-layout-9d6595d7 wp-block-columns-is-layout-flex\">\n<div class=\"wp-block-column is-layout-flow wp-block-column-is-layout-flow\" style=\"flex-basis:33.33%\"><div class=\"wp-block-image is-style-default\">\n<figure class=\"aligncenter size-full\"><img decoding=\"async\" src=\"https:\/\/liaise-project.eu\/wp-content\/uploads\/2025\/04\/mkosmos.jpg\" alt=\"mkosmos\" class=\"wp-image-39\"\/><\/figure><\/div><\/div>\n\n\n\n<div class=\"wp-block-column is-layout-flow wp-block-column-is-layout-flow\" style=\"flex-basis:66.66%\">\n<p class=\"translation-block\"><strong>\u201cMicrokosmos\u201d Associazione Culturale Italo-Ellenica per la Formazione - Italia<\/strong> Microkosmos \u00e8 un'associazione culturale ed educativa senza scopo di lucro con sede a Torino. Il lavoro dell'associazione si basa sui principi di sostenibilit\u00e0, accessibilit\u00e0 e inclusione, sostenendo attivamente la parit\u00e0 di accesso a contesti educativi e sociali per ogni individuo. Microkosmos orienta il proprio lavoro verso la fornitura ai giovani delle competenze trasversali e digitali di base necessarie per navigare nelle moderne realt\u00e0 professionali, sociali ed educative.<br> Per saperne di pi\u00f9:<\/p>\n<\/div>\n<\/div>\n<\/div>\n<\/div>","protected":false},"excerpt":{"rendered":"<p>PARTNERS Agrupamento de Escolas do Barreiro is<\/p>","protected":false},"author":1,"featured_media":0,"parent":0,"menu_order":0,"comment_status":"closed","ping_status":"closed","template":"page-fluid.php","meta":{"_bbp_topic_count":0,"_bbp_reply_count":0,"_bbp_total_topic_count":0,"_bbp_total_reply_count":0,"_bbp_voice_count":0,"_bbp_anonymous_reply_count":0,"_bbp_topic_count_hidden":0,"_bbp_reply_count_hidden":0,"_bbp_forum_subforum_count":0,"_uag_custom_page_level_css":"","footnotes":""},"class_list":["post-33","page","type-page","status-publish","hentry"],"uagb_featured_image_src":{"full":false,"thumbnail":false,"medium":false,"medium_large":false,"large":false,"1536x1536":false,"2048x2048":false,"trp-custom-language-flag":false,"d4p-bbp-thumb":false},"uagb_author_info":{"display_name":"admin","author_link":"https:\/\/culturalmosaic.liaise-project.eu\/it\/author\/cultmosliaadmn\/"},"uagb_comment_info":0,"uagb_excerpt":"PARTNERS Agrupamento de Escolas do Barreiro is","_links":{"self":[{"href":"https:\/\/culturalmosaic.liaise-project.eu\/it\/wp-json\/wp\/v2\/pages\/33","targetHints":{"allow":["GET"]}}],"collection":[{"href":"https:\/\/culturalmosaic.liaise-project.eu\/it\/wp-json\/wp\/v2\/pages"}],"about":[{"href":"https:\/\/culturalmosaic.liaise-project.eu\/it\/wp-json\/wp\/v2\/types\/page"}],"author":[{"embeddable":true,"href":"https:\/\/culturalmosaic.liaise-project.eu\/it\/wp-json\/wp\/v2\/users\/1"}],"replies":[{"embeddable":true,"href":"https:\/\/culturalmosaic.liaise-project.eu\/it\/wp-json\/wp\/v2\/comments?post=33"}],"version-history":[{"count":2,"href":"https:\/\/culturalmosaic.liaise-project.eu\/it\/wp-json\/wp\/v2\/pages\/33\/revisions"}],"predecessor-version":[{"id":43,"href":"https:\/\/culturalmosaic.liaise-project.eu\/it\/wp-json\/wp\/v2\/pages\/33\/revisions\/43"}],"wp:attachment":[{"href":"https:\/\/culturalmosaic.liaise-project.eu\/it\/wp-json\/wp\/v2\/media?parent=33"}],"curies":[{"name":"wp","href":"https:\/\/api.w.org\/{rel}","templated":true}]}}

<div class="wp-block-uagb-container section-img uagb-block-4e28198a alignfull uagb-is-root-container">
<figure class="wp-block-image size-full"><img loading="lazy" decoding="async" width="2350" height="364" src="https://culturalmosaic.liaise-project.eu/wp-content/uploads/2025/05/8.jpg" alt="8" class="wp-image-19" srcset="https://culturalmosaic.liaise-project.eu/wp-content/uploads/2025/05/8.jpg 2350w, https://culturalmosaic.liaise-project.eu/wp-content/uploads/2025/05/8-300x46.jpg 300w, https://culturalmosaic.liaise-project.eu/wp-content/uploads/2025/05/8-1024x159.jpg 1024w, https://culturalmosaic.liaise-project.eu/wp-content/uploads/2025/05/8-768x119.jpg 768w, https://culturalmosaic.liaise-project.eu/wp-content/uploads/2025/05/8-1536x238.jpg 1536w, https://culturalmosaic.liaise-project.eu/wp-content/uploads/2025/05/8-2048x317.jpg 2048w" sizes="auto, (max-width: 2350px) 100vw, 2350px" /></figure>
</div>



<div class="wp-block-uagb-container main-page-partners uagb-block-da431a8e alignfull uagb-is-root-container">
<h2 class="wp-block-heading">Partner</h2>



<div data-aos= "fade-up" data-aos-duration="400" data-aos-delay="0" data-aos-easing="ease" data-aos-once="true" class="wp-block-uagb-container main-inside-white uagb-block-eea21150 alignfull uagb-is-root-container">
<div class="wp-block-columns partners-block is-layout-flex wp-container-core-columns-is-layout-9d6595d7 wp-block-columns-is-layout-flex">
<div class="wp-block-column is-layout-flow wp-block-column-is-layout-flow" style="flex-basis:33.33%"><div class="wp-block-image is-style-default">
<figure class="aligncenter size-full"><img decoding="async" src="https://liaise-project.eu/wp-content/uploads/2025/04/barreiro.jpg" alt="barreiro" class="wp-image-35"/></figure></div></div>



<div class="wp-block-column is-layout-flow wp-block-column-is-layout-flow" style="flex-basis:66.66%">
<p class="translation-block"><strong>L'Agrupamento de Escolas do Barreiro</strong> è una scuola pubblica di Barreiro, in Portogallo. Comprende istituti scolastici di vari livelli, come scuole materne, elementari e medie, e un centro per lo sviluppo professionale degli insegnanti. Le azioni della scuola sono incentrate sulla fornitura di un'istruzione di alta qualità ai suoi studenti, in linea con i principi del multilinguismo, del multiculturalismo e dell'apprendimento inclusivo e accessibile e dei metodi di insegnamento.<br>Per saperne di più:</p>
</div>
</div>



<div class="wp-block-columns partners-block is-layout-flex wp-container-core-columns-is-layout-9d6595d7 wp-block-columns-is-layout-flex">
<div class="wp-block-column is-layout-flow wp-block-column-is-layout-flow" style="flex-basis:33.33%"><div class="wp-block-image is-style-default">
<figure class="aligncenter size-full"><img decoding="async" src="https://liaise-project.eu/wp-content/uploads/2025/04/idaes.jpg" alt="idaes" class="wp-image-38"/></figure></div></div>



<div class="wp-block-column is-layout-flow wp-block-column-is-layout-flow" style="flex-basis:66.66%">
<p class="translation-block"><strong>L'Agrupamento de Escolas de Idães</strong> è una scuola pubblica di Felgueiras, in Portogallo. Le iniziative della scuola sono in linea con il suo obiettivo di promuovere l'inclusione e l'accessibilità degli studenti provenienti da diversi contesti educativi, sociali, culturali e linguistici. Inoltre, promuove e sostiene il successo accademico, professionale e sociale dei suoi studenti, favorendo allo stesso tempo la loro cittadinanza attiva e il loro impegno civico.<br>Per saperne di più:</p>
</div>
</div>



<div class="wp-block-columns partners-block is-layout-flex wp-container-core-columns-is-layout-9d6595d7 wp-block-columns-is-layout-flex">
<div class="wp-block-column is-layout-flow wp-block-column-is-layout-flow" style="flex-basis:33.33%"><div class="wp-block-image is-style-default">
<figure class="aligncenter size-full"><img decoding="async" src="https://liaise-project.eu/wp-content/uploads/2025/04/snt-george.jpg" alt="snt george" class="wp-image-37"/></figure></div></div>



<div class="wp-block-column is-layout-flow wp-block-column-is-layout-flow" style="flex-basis:66.66%">
<p class="translation-block"><strong>Likio Agiou Georgiou Lakatamias</strong> è una scuola pubblica di istruzione secondaria superiore a Nicosia, Cipro. La scuola pone grande enfasi sul successo accademico, nonché sullo sviluppo personale, sociale e professionale dei suoi studenti, offrendo loro l'opportunità di imparare in un ambiente inclusivo e accessibile. La scuola è riconosciuta per le sue azioni a livello nazionale ed europeo.<br>Per saperne di più:</p>
</div>
</div>



<div class="wp-block-columns partners-block is-layout-flex wp-container-core-columns-is-layout-9d6595d7 wp-block-columns-is-layout-flex">
<div class="wp-block-column is-layout-flow wp-block-column-is-layout-flow" style="flex-basis:33.33%"><div class="wp-block-image is-style-default">
<figure class="aligncenter size-full"><img decoding="async" src="https://liaise-project.eu/wp-content/uploads/2025/04/ciara.jpg" alt="ciara" class="wp-image-36"/></figure></div></div>



<div class="wp-block-column is-layout-flow wp-block-column-is-layout-flow" style="flex-basis:66.66%">
<p class="translation-block"><strong>Comité International Associatif de Réflexion et Action - Martinica (Francia)</strong> CIARA è una associazione con sede in Martinica, Francia, che si occupa di promuovere e sostenere l'integrazione dei giovani emarginati in ambienti educativi e sociali. L'associazione ha esperienza nella proposta e nell'attuazione di azioni che affrontano le questioni che i giovani e i loro genitori devono affrontare nella società locale. Nell'ambito delle sue attività, CIARA organizza sessioni di coaching, formazione e tutoraggio per giovani, studenti e professionisti.<br>Per saperne di più:</p>
</div>
</div>



<div class="wp-block-columns partners-block is-layout-flex wp-container-core-columns-is-layout-9d6595d7 wp-block-columns-is-layout-flex">
<div class="wp-block-column is-layout-flow wp-block-column-is-layout-flow" style="flex-basis:33.33%"><div class="wp-block-image is-style-default">
<figure class="aligncenter size-full"><img decoding="async" src="https://liaise-project.eu/wp-content/uploads/2025/04/rbrussels.jpg" alt="rbrussels" class="wp-image-33"/></figure></div></div>



<div class="wp-block-column is-layout-flow wp-block-column-is-layout-flow" style="flex-basis:66.66%">
<p class="translation-block"><strong>ReadLab Brussels</strong> è un'organizzazione di sviluppo e analisi della ricerca con sede a Bruxelles, in Belgio. La priorità dell'organizzazione è sostenere le istituzioni educative formali e non formali in un'ampia gamma di settori attraverso la fornitura di assistenza tecnica. Il suo impegno attivo nelle iniziative educative ha permesso a ReadLab Brussels di ottenere un impatto significativo nel panorama educativo, favorendo l'inclusione, l'accessibilità e la crescita.<br>Per saperne di più:</p>
</div>
</div>



<div class="wp-block-columns partners-block is-layout-flex wp-container-core-columns-is-layout-9d6595d7 wp-block-columns-is-layout-flex">
<div class="wp-block-column is-layout-flow wp-block-column-is-layout-flow" style="flex-basis:33.33%"><div class="wp-block-image is-style-default">
<figure class="aligncenter size-full"><img decoding="async" src="https://liaise-project.eu/wp-content/uploads/2025/04/mkosmos.jpg" alt="mkosmos" class="wp-image-39"/></figure></div></div>



<div class="wp-block-column is-layout-flow wp-block-column-is-layout-flow" style="flex-basis:66.66%">
<p class="translation-block"><strong>“Microkosmos” Associazione Culturale Italo-Ellenica per la Formazione - Italia</strong> Microkosmos è un'associazione culturale ed educativa senza scopo di lucro con sede a Torino. Il lavoro dell'associazione si basa sui principi di sostenibilità, accessibilità e inclusione, sostenendo attivamente la parità di accesso a contesti educativi e sociali per ogni individuo. Microkosmos orienta il proprio lavoro verso la fornitura ai giovani delle competenze trasversali e digitali di base necessarie per navigare nelle moderne realtà professionali, sociali ed educative.<br> Per saperne di più:</p>
</div>
</div>
</div>
</div>
