{"id":33,"date":"2025-05-09T10:23:50","date_gmt":"2025-05-09T10:23:50","guid":{"rendered":"https:\/\/culturalmosaic.liaise-project.eu\/?page_id=33"},"modified":"2025-05-09T10:51:25","modified_gmt":"2025-05-09T10:51:25","slug":"partners","status":"publish","type":"page","link":"https:\/\/culturalmosaic.liaise-project.eu\/fr\/partners\/","title":{"rendered":"Partenaires"},"content":{"rendered":"<div class=\"wp-block-uagb-container section-img uagb-block-4e28198a alignfull uagb-is-root-container\">\n<figure class=\"wp-block-image size-full\"><img loading=\"lazy\" decoding=\"async\" width=\"2350\" height=\"364\" src=\"https:\/\/culturalmosaic.liaise-project.eu\/wp-content\/uploads\/2025\/05\/8.jpg\" alt=\"8\" class=\"wp-image-19\" srcset=\"https:\/\/culturalmosaic.liaise-project.eu\/wp-content\/uploads\/2025\/05\/8.jpg 2350w, https:\/\/culturalmosaic.liaise-project.eu\/wp-content\/uploads\/2025\/05\/8-300x46.jpg 300w, https:\/\/culturalmosaic.liaise-project.eu\/wp-content\/uploads\/2025\/05\/8-1024x159.jpg 1024w, https:\/\/culturalmosaic.liaise-project.eu\/wp-content\/uploads\/2025\/05\/8-768x119.jpg 768w, https:\/\/culturalmosaic.liaise-project.eu\/wp-content\/uploads\/2025\/05\/8-1536x238.jpg 1536w, https:\/\/culturalmosaic.liaise-project.eu\/wp-content\/uploads\/2025\/05\/8-2048x317.jpg 2048w\" sizes=\"auto, (max-width: 2350px) 100vw, 2350px\" \/><\/figure>\n<\/div>\n\n\n\n<div class=\"wp-block-uagb-container main-page-partners uagb-block-da431a8e alignfull uagb-is-root-container\">\n<h2 class=\"wp-block-heading\">Partenaires<\/h2>\n\n\n\n<div data-aos= \"fade-up\" data-aos-duration=\"400\" data-aos-delay=\"0\" data-aos-easing=\"ease\" data-aos-once=\"true\" class=\"wp-block-uagb-container main-inside-white uagb-block-eea21150 alignfull uagb-is-root-container\">\n<div class=\"wp-block-columns partners-block is-layout-flex wp-container-core-columns-is-layout-9d6595d7 wp-block-columns-is-layout-flex\">\n<div class=\"wp-block-column is-layout-flow wp-block-column-is-layout-flow\" style=\"flex-basis:33.33%\"><div class=\"wp-block-image is-style-default\">\n<figure class=\"aligncenter size-full\"><img decoding=\"async\" src=\"https:\/\/liaise-project.eu\/wp-content\/uploads\/2025\/04\/barreiro.jpg\" alt=\"barreiro\" class=\"wp-image-35\"\/><\/figure><\/div><\/div>\n\n\n\n<div class=\"wp-block-column is-layout-flow wp-block-column-is-layout-flow\" style=\"flex-basis:66.66%\">\n<p class=\"translation-block\"><strong>L'Agrupamento de Escolas do Barreiro<\/strong> est une \u00e9cole publique situ\u00e9e \u00e0 Barreiro, au Portugal. Il comprend des \u00e9tablissements d'enseignement \u00e0 diff\u00e9rents niveaux, y compris l'\u00e9ducation pr\u00e9scolaire, l'\u00e9ducation de base, l'\u00e9ducation des adultes et un centre de formation pour le d\u00e9veloppement professionnel des enseignants. Les actions de l'\u00e9cole sont centr\u00e9es sur l'offre d'une \u00e9ducation de haute qualit\u00e9 \u00e0 ses \u00e9tudiants, conform\u00e9ment aux principes du multilinguisme, du multiculturalisme et des m\u00e9thodes d'enseignement et d'apprentissage inclusives et accessibles. <br>Pour en savoir plus:<\/p>\n<\/div>\n<\/div>\n\n\n\n<div class=\"wp-block-columns partners-block is-layout-flex wp-container-core-columns-is-layout-9d6595d7 wp-block-columns-is-layout-flex\">\n<div class=\"wp-block-column is-layout-flow wp-block-column-is-layout-flow\" style=\"flex-basis:33.33%\"><div class=\"wp-block-image is-style-default\">\n<figure class=\"aligncenter size-full\"><img decoding=\"async\" src=\"https:\/\/liaise-project.eu\/wp-content\/uploads\/2025\/04\/idaes.jpg\" alt=\"idaes\" class=\"wp-image-38\"\/><\/figure><\/div><\/div>\n\n\n\n<div class=\"wp-block-column is-layout-flow wp-block-column-is-layout-flow\" style=\"flex-basis:66.66%\">\n<p class=\"translation-block\"><strong>L'Agrupamento de Escolas de Id\u00e3es<\/strong> est une \u00e9cole publique situ\u00e9e \u00e0 Felqueiras, Portugal. Les initiatives de l'\u00e9cole s'alignent sur son objectif de promouvoir l'inclusion et l'accessibilit\u00e9 des \u00e9l\u00e8ves issus de divers milieux \u00e9ducatifs, sociaux, culturels et linguistiques. De plus, elle promeut et soutient la r\u00e9ussite scolaire, professionnelle et sociale de ses \u00e9tudiants, tout en favorisant leur citoyennet\u00e9 active et leur engagement citoyen.<br>Pour en savoir plus:<\/p>\n<\/div>\n<\/div>\n\n\n\n<div class=\"wp-block-columns partners-block is-layout-flex wp-container-core-columns-is-layout-9d6595d7 wp-block-columns-is-layout-flex\">\n<div class=\"wp-block-column is-layout-flow wp-block-column-is-layout-flow\" style=\"flex-basis:33.33%\"><div class=\"wp-block-image is-style-default\">\n<figure class=\"aligncenter size-full\"><img decoding=\"async\" src=\"https:\/\/liaise-project.eu\/wp-content\/uploads\/2025\/04\/snt-george.jpg\" alt=\"snt george\" class=\"wp-image-37\"\/><\/figure><\/div><\/div>\n\n\n\n<div class=\"wp-block-column is-layout-flow wp-block-column-is-layout-flow\" style=\"flex-basis:66.66%\">\n<p class=\"translation-block\"><strong>Likio Agiou Georgiou Lakatamias<\/strong> est un \u00e9tablissement d'enseignement secondaire sup\u00e9rieur public situ\u00e9 \u00e0 Nicosie, Chypre. L'\u00e9cole met l'accent sur la r\u00e9ussite scolaire, ainsi que sur le d\u00e9veloppement personnel, social et professionnel de ses \u00e9l\u00e8ves, en leur offrant la possibilit\u00e9 d'apprendre dans un environnement inclusif et accessible. L'\u00e9cole est reconnue pour ses actions aux niveaux national et europ\u00e9en.<br>Pour en savoir plus:<\/p>\n<\/div>\n<\/div>\n\n\n\n<div class=\"wp-block-columns partners-block is-layout-flex wp-container-core-columns-is-layout-9d6595d7 wp-block-columns-is-layout-flex\">\n<div class=\"wp-block-column is-layout-flow wp-block-column-is-layout-flow\" style=\"flex-basis:33.33%\"><div class=\"wp-block-image is-style-default\">\n<figure class=\"aligncenter size-full\"><img decoding=\"async\" src=\"https:\/\/liaise-project.eu\/wp-content\/uploads\/2025\/04\/ciara.jpg\" alt=\"ciara\" class=\"wp-image-36\"\/><\/figure><\/div><\/div>\n\n\n\n<div class=\"wp-block-column is-layout-flow wp-block-column-is-layout-flow\" style=\"flex-basis:66.66%\">\n<p class=\"translation-block\"><strong>Comit\u00e9 International Associatif de R\u00e9flexion et Action - Martinique (France)<\/strong> Le CIARA est une association martiniquaise (France) qui se concentre sur la promotion et le soutien de l'int\u00e9gration des jeunes marginalis\u00e9s dans les environnements \u00e9ducatifs et sociaux. L'association a l'exp\u00e9rience de la proposition et de la mise en oeuvre d'actions qui traitent des probl\u00e8mes auxquels les jeunes et leurs parents sont confront\u00e9s dans la soci\u00e9t\u00e9 locale. Dans le cadre de ses activit\u00e9s, CIARA organise des sessions d'encadrement, de formation et de mentorat pour les jeunes, les \u00e9tudiants et les professionnels.<br>Pour en savoir plus:<\/p>\n<\/div>\n<\/div>\n\n\n\n<div class=\"wp-block-columns partners-block is-layout-flex wp-container-core-columns-is-layout-9d6595d7 wp-block-columns-is-layout-flex\">\n<div class=\"wp-block-column is-layout-flow wp-block-column-is-layout-flow\" style=\"flex-basis:33.33%\"><div class=\"wp-block-image is-style-default\">\n<figure class=\"aligncenter size-full\"><img decoding=\"async\" src=\"https:\/\/liaise-project.eu\/wp-content\/uploads\/2025\/04\/rbrussels.jpg\" alt=\"rbrussels\" class=\"wp-image-33\"\/><\/figure><\/div><\/div>\n\n\n\n<div class=\"wp-block-column is-layout-flow wp-block-column-is-layout-flow\" style=\"flex-basis:66.66%\">\n<p class=\"translation-block\"><strong>ReadLab Brussels<\/strong> est une organisation de d\u00e9velopment et d'analyse de la recherche situ\u00e9e \u00e0 Bruxelles, Belgique. La priorit\u00e9 de l'organisation est de soutenir les \u00e9tablissements d'enseignement formels et non formels dans plusieurs domaines en fournissant une assistance technique. Son engagement actif dans des initiatives \u00e9ducatives a permis \u00e0 ReadLab Brussels d'avoir un impact significatif dans le paysage \u00e9ducatif, en favorisant l'inclusion, l'accessibilit\u00e9 et le d\u00e9veloppement.<br>Pour en savoir plus:<\/p>\n<\/div>\n<\/div>\n\n\n\n<div class=\"wp-block-columns partners-block is-layout-flex wp-container-core-columns-is-layout-9d6595d7 wp-block-columns-is-layout-flex\">\n<div class=\"wp-block-column is-layout-flow wp-block-column-is-layout-flow\" style=\"flex-basis:33.33%\"><div class=\"wp-block-image is-style-default\">\n<figure class=\"aligncenter size-full\"><img decoding=\"async\" src=\"https:\/\/liaise-project.eu\/wp-content\/uploads\/2025\/04\/mkosmos.jpg\" alt=\"mkosmos\" class=\"wp-image-39\"\/><\/figure><\/div><\/div>\n\n\n\n<div class=\"wp-block-column is-layout-flow wp-block-column-is-layout-flow\" style=\"flex-basis:66.66%\">\n<p class=\"translation-block\"><strong>\u201cMicrokosmos\u201d Associazione Culturale Italo-Ellenica per la Formazione - Italie<\/strong> Microkosmos est une association culturelle et \u00e9ducative \u00e0 but non lucratif situ\u00e9e \u00e0 Turin, Italie. Le travail de l'association est bas\u00e9e sur les principes de durabilit\u00e9, d'accessibilit\u00e9 et d'inclusion, en soutenant activement l'\u00e9galit\u00e9 d'acc\u00e8s aux contextes \u00e9ducatifs et sociaux pour chaquer individu. Microkosmos oreinte son travail vers le d\u00e9veloppement des comp\u00e9tences des jeunes, comp\u00e9tences de base non techniques et num\u00e9riques n\u00e9cessaires dans le cadre des r\u00e9alit\u00e9s professionelles, sociales et \u00e9ducatives modernes.<br>Pour en savoir plus:<\/p>\n<\/div>\n<\/div>\n<\/div>\n<\/div>","protected":false},"excerpt":{"rendered":"<p>PARTNERS Agrupamento de Escolas do Barreiro is<\/p>","protected":false},"author":1,"featured_media":0,"parent":0,"menu_order":0,"comment_status":"closed","ping_status":"closed","template":"page-fluid.php","meta":{"_bbp_topic_count":0,"_bbp_reply_count":0,"_bbp_total_topic_count":0,"_bbp_total_reply_count":0,"_bbp_voice_count":0,"_bbp_anonymous_reply_count":0,"_bbp_topic_count_hidden":0,"_bbp_reply_count_hidden":0,"_bbp_forum_subforum_count":0,"_uag_custom_page_level_css":"","footnotes":""},"class_list":["post-33","page","type-page","status-publish","hentry"],"uagb_featured_image_src":{"full":false,"thumbnail":false,"medium":false,"medium_large":false,"large":false,"1536x1536":false,"2048x2048":false,"trp-custom-language-flag":false,"d4p-bbp-thumb":false},"uagb_author_info":{"display_name":"admin","author_link":"https:\/\/culturalmosaic.liaise-project.eu\/fr\/author\/cultmosliaadmn\/"},"uagb_comment_info":0,"uagb_excerpt":"PARTNERS Agrupamento de Escolas do Barreiro is","_links":{"self":[{"href":"https:\/\/culturalmosaic.liaise-project.eu\/fr\/wp-json\/wp\/v2\/pages\/33","targetHints":{"allow":["GET"]}}],"collection":[{"href":"https:\/\/culturalmosaic.liaise-project.eu\/fr\/wp-json\/wp\/v2\/pages"}],"about":[{"href":"https:\/\/culturalmosaic.liaise-project.eu\/fr\/wp-json\/wp\/v2\/types\/page"}],"author":[{"embeddable":true,"href":"https:\/\/culturalmosaic.liaise-project.eu\/fr\/wp-json\/wp\/v2\/users\/1"}],"replies":[{"embeddable":true,"href":"https:\/\/culturalmosaic.liaise-project.eu\/fr\/wp-json\/wp\/v2\/comments?post=33"}],"version-history":[{"count":2,"href":"https:\/\/culturalmosaic.liaise-project.eu\/fr\/wp-json\/wp\/v2\/pages\/33\/revisions"}],"predecessor-version":[{"id":43,"href":"https:\/\/culturalmosaic.liaise-project.eu\/fr\/wp-json\/wp\/v2\/pages\/33\/revisions\/43"}],"wp:attachment":[{"href":"https:\/\/culturalmosaic.liaise-project.eu\/fr\/wp-json\/wp\/v2\/media?parent=33"}],"curies":[{"name":"wp","href":"https:\/\/api.w.org\/{rel}","templated":true}]}}

<div class="wp-block-uagb-container section-img uagb-block-4e28198a alignfull uagb-is-root-container">
<figure class="wp-block-image size-full"><img loading="lazy" decoding="async" width="2350" height="364" src="https://culturalmosaic.liaise-project.eu/wp-content/uploads/2025/05/8.jpg" alt="8" class="wp-image-19" srcset="https://culturalmosaic.liaise-project.eu/wp-content/uploads/2025/05/8.jpg 2350w, https://culturalmosaic.liaise-project.eu/wp-content/uploads/2025/05/8-300x46.jpg 300w, https://culturalmosaic.liaise-project.eu/wp-content/uploads/2025/05/8-1024x159.jpg 1024w, https://culturalmosaic.liaise-project.eu/wp-content/uploads/2025/05/8-768x119.jpg 768w, https://culturalmosaic.liaise-project.eu/wp-content/uploads/2025/05/8-1536x238.jpg 1536w, https://culturalmosaic.liaise-project.eu/wp-content/uploads/2025/05/8-2048x317.jpg 2048w" sizes="auto, (max-width: 2350px) 100vw, 2350px" /></figure>
</div>



<div class="wp-block-uagb-container main-page-partners uagb-block-da431a8e alignfull uagb-is-root-container">
<h2 class="wp-block-heading">Partenaires</h2>



<div data-aos= "fade-up" data-aos-duration="400" data-aos-delay="0" data-aos-easing="ease" data-aos-once="true" class="wp-block-uagb-container main-inside-white uagb-block-eea21150 alignfull uagb-is-root-container">
<div class="wp-block-columns partners-block is-layout-flex wp-container-core-columns-is-layout-9d6595d7 wp-block-columns-is-layout-flex">
<div class="wp-block-column is-layout-flow wp-block-column-is-layout-flow" style="flex-basis:33.33%"><div class="wp-block-image is-style-default">
<figure class="aligncenter size-full"><img decoding="async" src="https://liaise-project.eu/wp-content/uploads/2025/04/barreiro.jpg" alt="barreiro" class="wp-image-35"/></figure></div></div>



<div class="wp-block-column is-layout-flow wp-block-column-is-layout-flow" style="flex-basis:66.66%">
<p class="translation-block"><strong>L'Agrupamento de Escolas do Barreiro</strong> est une école publique située à Barreiro, au Portugal. Il comprend des établissements d'enseignement à différents niveaux, y compris l'éducation préscolaire, l'éducation de base, l'éducation des adultes et un centre de formation pour le développement professionnel des enseignants. Les actions de l'école sont centrées sur l'offre d'une éducation de haute qualité à ses étudiants, conformément aux principes du multilinguisme, du multiculturalisme et des méthodes d'enseignement et d'apprentissage inclusives et accessibles. <br>Pour en savoir plus:</p>
</div>
</div>



<div class="wp-block-columns partners-block is-layout-flex wp-container-core-columns-is-layout-9d6595d7 wp-block-columns-is-layout-flex">
<div class="wp-block-column is-layout-flow wp-block-column-is-layout-flow" style="flex-basis:33.33%"><div class="wp-block-image is-style-default">
<figure class="aligncenter size-full"><img decoding="async" src="https://liaise-project.eu/wp-content/uploads/2025/04/idaes.jpg" alt="idaes" class="wp-image-38"/></figure></div></div>



<div class="wp-block-column is-layout-flow wp-block-column-is-layout-flow" style="flex-basis:66.66%">
<p class="translation-block"><strong>L'Agrupamento de Escolas de Idães</strong> est une école publique située à Felqueiras, Portugal. Les initiatives de l'école s'alignent sur son objectif de promouvoir l'inclusion et l'accessibilité des élèves issus de divers milieux éducatifs, sociaux, culturels et linguistiques. De plus, elle promeut et soutient la réussite scolaire, professionnelle et sociale de ses étudiants, tout en favorisant leur citoyenneté active et leur engagement citoyen.<br>Pour en savoir plus:</p>
</div>
</div>



<div class="wp-block-columns partners-block is-layout-flex wp-container-core-columns-is-layout-9d6595d7 wp-block-columns-is-layout-flex">
<div class="wp-block-column is-layout-flow wp-block-column-is-layout-flow" style="flex-basis:33.33%"><div class="wp-block-image is-style-default">
<figure class="aligncenter size-full"><img decoding="async" src="https://liaise-project.eu/wp-content/uploads/2025/04/snt-george.jpg" alt="snt george" class="wp-image-37"/></figure></div></div>



<div class="wp-block-column is-layout-flow wp-block-column-is-layout-flow" style="flex-basis:66.66%">
<p class="translation-block"><strong>Likio Agiou Georgiou Lakatamias</strong> est un établissement d'enseignement secondaire supérieur public situé à Nicosie, Chypre. L'école met l'accent sur la réussite scolaire, ainsi que sur le développement personnel, social et professionnel de ses élèves, en leur offrant la possibilité d'apprendre dans un environnement inclusif et accessible. L'école est reconnue pour ses actions aux niveaux national et européen.<br>Pour en savoir plus:</p>
</div>
</div>



<div class="wp-block-columns partners-block is-layout-flex wp-container-core-columns-is-layout-9d6595d7 wp-block-columns-is-layout-flex">
<div class="wp-block-column is-layout-flow wp-block-column-is-layout-flow" style="flex-basis:33.33%"><div class="wp-block-image is-style-default">
<figure class="aligncenter size-full"><img decoding="async" src="https://liaise-project.eu/wp-content/uploads/2025/04/ciara.jpg" alt="ciara" class="wp-image-36"/></figure></div></div>



<div class="wp-block-column is-layout-flow wp-block-column-is-layout-flow" style="flex-basis:66.66%">
<p class="translation-block"><strong>Comité International Associatif de Réflexion et Action - Martinique (France)</strong> Le CIARA est une association martiniquaise (France) qui se concentre sur la promotion et le soutien de l'intégration des jeunes marginalisés dans les environnements éducatifs et sociaux. L'association a l'expérience de la proposition et de la mise en oeuvre d'actions qui traitent des problèmes auxquels les jeunes et leurs parents sont confrontés dans la société locale. Dans le cadre de ses activités, CIARA organise des sessions d'encadrement, de formation et de mentorat pour les jeunes, les étudiants et les professionnels.<br>Pour en savoir plus:</p>
</div>
</div>



<div class="wp-block-columns partners-block is-layout-flex wp-container-core-columns-is-layout-9d6595d7 wp-block-columns-is-layout-flex">
<div class="wp-block-column is-layout-flow wp-block-column-is-layout-flow" style="flex-basis:33.33%"><div class="wp-block-image is-style-default">
<figure class="aligncenter size-full"><img decoding="async" src="https://liaise-project.eu/wp-content/uploads/2025/04/rbrussels.jpg" alt="rbrussels" class="wp-image-33"/></figure></div></div>



<div class="wp-block-column is-layout-flow wp-block-column-is-layout-flow" style="flex-basis:66.66%">
<p class="translation-block"><strong>ReadLab Brussels</strong> est une organisation de dévelopment et d'analyse de la recherche située à Bruxelles, Belgique. La priorité de l'organisation est de soutenir les établissements d'enseignement formels et non formels dans plusieurs domaines en fournissant une assistance technique. Son engagement actif dans des initiatives éducatives a permis à ReadLab Brussels d'avoir un impact significatif dans le paysage éducatif, en favorisant l'inclusion, l'accessibilité et le développement.<br>Pour en savoir plus:</p>
</div>
</div>



<div class="wp-block-columns partners-block is-layout-flex wp-container-core-columns-is-layout-9d6595d7 wp-block-columns-is-layout-flex">
<div class="wp-block-column is-layout-flow wp-block-column-is-layout-flow" style="flex-basis:33.33%"><div class="wp-block-image is-style-default">
<figure class="aligncenter size-full"><img decoding="async" src="https://liaise-project.eu/wp-content/uploads/2025/04/mkosmos.jpg" alt="mkosmos" class="wp-image-39"/></figure></div></div>



<div class="wp-block-column is-layout-flow wp-block-column-is-layout-flow" style="flex-basis:66.66%">
<p class="translation-block"><strong>“Microkosmos” Associazione Culturale Italo-Ellenica per la Formazione - Italie</strong> Microkosmos est une association culturelle et éducative à but non lucratif située à Turin, Italie. Le travail de l'association est basée sur les principes de durabilité, d'accessibilité et d'inclusion, en soutenant activement l'égalité d'accès aux contextes éducatifs et sociaux pour chaquer individu. Microkosmos oreinte son travail vers le développement des compétences des jeunes, compétences de base non techniques et numériques nécessaires dans le cadre des réalités professionelles, sociales et éducatives modernes.<br>Pour en savoir plus:</p>
</div>
</div>
</div>
</div>
